Last updated on 2023-05-30 17:00:04 CEST.
Flavor | Version | Tinstall | Tcheck | Ttotal | Status | Flags |
---|---|---|---|---|---|---|
r-devel-linux-x86_64-debian-clang | 1.9.1 | 485.07 | 98.03 | 583.10 | NOTE | |
r-devel-linux-x86_64-debian-gcc | 1.9.1 | 342.71 | 76.53 | 419.24 | NOTE | |
r-devel-linux-x86_64-fedora-clang | 1.9.1 | 943.88 | NOTE | |||
r-devel-linux-x86_64-fedora-gcc | 1.9.1 | 867.83 | NOTE | |||
r-devel-windows-x86_64 | 1.9.1 | 332.00 | 132.00 | 464.00 | NOTE | |
r-patched-linux-x86_64 | 1.9.1 | 389.12 | 96.98 | 486.10 | NOTE | |
r-release-linux-x86_64 | 1.9.1 | 378.87 | 97.29 | 476.16 | NOTE | |
r-release-macos-arm64 | 1.9.1 | 182.00 | NOTE | |||
r-release-macos-x86_64 | 1.9.1 | 331.00 | NOTE | |||
r-release-windows-x86_64 | 1.9.1 | 436.00 | 157.00 | 593.00 | NOTE | |
r-oldrel-macos-arm64 | 1.9.1 | 173.00 | NOTE | |||
r-oldrel-macos-x86_64 | 1.9.1 | 228.00 | NOTE | |||
r-oldrel-windows-x86_64 | 1.9.1 | 433.00 | 136.00 | 569.00 | NOTE |
Version: 1.9.1
Check: C++ specification
Result: NOTE
Specified C++11: please drop specification unless essential
Flavors: r-devel-linux-x86_64-debian-clang, r-devel-linux-x86_64-debian-gcc, r-devel-linux-x86_64-fedora-clang, r-devel-linux-x86_64-fedora-gcc, r-devel-windows-x86_64, r-patched-linux-x86_64, r-release-linux-x86_64, r-release-macos-arm64, r-release-macos-x86_64, r-release-windows-x86_64
Version: 1.9.1
Check: LazyData
Result: NOTE
'LazyData' is specified without a 'data' directory
Flavors: r-devel-linux-x86_64-debian-clang, r-devel-linux-x86_64-debian-gcc, r-devel-linux-x86_64-fedora-clang, r-devel-linux-x86_64-fedora-gcc, r-devel-windows-x86_64, r-patched-linux-x86_64, r-release-linux-x86_64, r-release-macos-arm64, r-release-macos-x86_64, r-release-windows-x86_64, r-oldrel-macos-arm64, r-oldrel-macos-x86_64, r-oldrel-windows-x86_64
Version: 1.9.1
Check: installed package size
Result: NOTE
installed size is 12.5Mb
sub-directories of 1Mb or more:
libs 11.8Mb
Flavors: r-release-macos-arm64, r-release-macos-x86_64, r-oldrel-macos-arm64, r-oldrel-macos-x86_64