Last updated on 2023-10-03 17:05:53 CEST.
Flavor | Version | Tinstall | Tcheck | Ttotal | Status | Flags |
---|---|---|---|---|---|---|
r-devel-linux-x86_64-debian-clang | 1.0 | 1.86 | 17.76 | 19.62 | NOTE | |
r-devel-linux-x86_64-debian-gcc | 1.0 | 1.31 | 14.14 | 15.45 | NOTE | |
r-devel-linux-x86_64-fedora-clang | 1.0 | 24.62 | NOTE | |||
r-devel-linux-x86_64-fedora-gcc | 1.0 | 23.81 | NOTE | |||
r-devel-windows-x86_64 | 1.0 | 2.00 | 34.00 | 36.00 | NOTE | |
r-patched-linux-x86_64 | 1.0 | 1.86 | 17.57 | 19.43 | NOTE | |
r-release-linux-x86_64 | 1.0 | 1.94 | 17.47 | 19.41 | NOTE | |
r-release-macos-arm64 | 1.0 | 15.00 | NOTE | |||
r-release-macos-x86_64 | 1.0 | 18.00 | NOTE | |||
r-release-windows-x86_64 | 1.0 | 3.00 | 36.00 | 39.00 | NOTE | |
r-oldrel-macos-arm64 | 1.0 | 14.00 | NOTE | |||
r-oldrel-macos-x86_64 | 1.0 | 20.00 | NOTE | |||
r-oldrel-windows-x86_64 | 1.0 | 4.00 | 39.00 | 43.00 | NOTE |
Version: 1.0
Check: DESCRIPTION meta-information
Result: NOTE
Malformed Description field: should contain one or more complete sentences.
Flavors: r-devel-linux-x86_64-debian-clang, r-devel-linux-x86_64-debian-gcc, r-devel-linux-x86_64-fedora-clang, r-devel-linux-x86_64-fedora-gcc, r-devel-windows-x86_64, r-patched-linux-x86_64, r-release-linux-x86_64, r-release-macos-arm64, r-release-macos-x86_64, r-release-windows-x86_64, r-oldrel-macos-arm64, r-oldrel-macos-x86_64, r-oldrel-windows-x86_64