Last updated on 2023-01-28 03:55:50 CET.
Flavor | Version | Tinstall | Tcheck | Ttotal | Status | Flags |
---|---|---|---|---|---|---|
r-devel-linux-x86_64-debian-clang | 2.3.3 | 6.60 | 57.36 | 63.96 | NOTE | |
r-devel-linux-x86_64-debian-gcc | 2.3.3 | 5.29 | 45.56 | 50.85 | NOTE | |
r-devel-linux-x86_64-fedora-clang | 2.3.3 | 81.64 | NOTE | |||
r-devel-linux-x86_64-fedora-gcc | 2.3.3 | 91.27 | NOTE | |||
r-devel-windows-x86_64 | 2.3.3 | 28.00 | 100.00 | 128.00 | NOTE | |
r-patched-linux-x86_64 | 2.3.3 | 6.94 | 56.91 | 63.85 | OK | |
r-release-linux-x86_64 | 2.3.3 | 6.27 | 57.65 | 63.92 | OK | |
r-release-macos-arm64 | 2.3.3 | 34.00 | OK | |||
r-release-macos-x86_64 | 2.3.3 | 52.00 | OK | |||
r-release-windows-x86_64 | 2.3.3 | 20.00 | 94.00 | 114.00 | OK | |
r-oldrel-macos-arm64 | 2.3.3 | 41.00 | OK | |||
r-oldrel-macos-x86_64 | 2.3.3 | 64.00 | OK | |||
r-oldrel-windows-ix86+x86_64 | 2.3.3 | 19.00 | 81.00 | 100.00 | OK |
Version: 2.3.3
Check: Rd files
Result: NOTE
checkRd: (-1) outlierPlot.Rd:30: Escaped LaTeX specials: \$
checkRd: (-1) outlierPlot.Rd:32: Escaped LaTeX specials: \$
Flavors: r-devel-linux-x86_64-debian-clang, r-devel-linux-x86_64-debian-gcc, r-devel-linux-x86_64-fedora-clang, r-devel-linux-x86_64-fedora-gcc, r-devel-windows-x86_64