CRAN Package Check Results for Package exuber

Last updated on 2021-12-07 23:54:28 CET.

Flavor Version Tinstall Tcheck Ttotal Status Flags
r-devel-linux-x86_64-debian-clang 0.4.2 36.72 173.15 209.87 NOTE
r-devel-linux-x86_64-debian-gcc 0.4.2 29.86 132.93 162.79 NOTE
r-devel-linux-x86_64-fedora-clang 0.4.2 260.99 NOTE
r-devel-linux-x86_64-fedora-gcc 0.4.2 246.98 NOTE
r-devel-windows-x86_64-new-UL 0.4.2 60.00 253.00 313.00 NOTE
r-devel-windows-x86_64-new-TK 0.4.2 NOTE
r-devel-windows-x86_64-old 0.4.2 55.00 213.00 268.00 NOTE
r-patched-linux-x86_64 0.4.2 36.05 172.79 208.84 NOTE
r-release-linux-x86_64 0.4.2 31.62 171.45 203.07 NOTE
r-release-macos-arm64 0.4.2 NOTE
r-release-macos-x86_64 0.4.2 NOTE
r-release-windows-ix86+x86_64 0.4.2 71.00 251.00 322.00 WARN
r-oldrel-macos-x86_64 0.4.2 NOTE
r-oldrel-windows-ix86+x86_64 0.4.2 98.00 294.00 392.00 NOTE

Check Details

Version: 0.4.2
Check: package dependencies
Result: NOTE
    Package suggested but not available for checking: 'exuberdata'
Flavors: r-devel-linux-x86_64-debian-clang, r-devel-linux-x86_64-debian-gcc, r-devel-linux-x86_64-fedora-clang, r-devel-linux-x86_64-fedora-gcc, r-devel-windows-x86_64-new-UL, r-devel-windows-x86_64-new-TK, r-devel-windows-x86_64-old, r-patched-linux-x86_64, r-release-linux-x86_64, r-release-macos-arm64, r-release-macos-x86_64, r-release-windows-ix86+x86_64, r-oldrel-macos-x86_64, r-oldrel-windows-ix86+x86_64

Version: 0.4.2
Check: PDF version of manual
Result: WARN
    LaTeX errors when creating PDF version.
    This typically indicates Rd problems.
    LaTeX errors found:
    ! Argument of \UTFviii@three@octets has an extra }.
    <inserted text>
     \par
    l.15 ...mon Spavound; Enrique Martínez-García}}}{}
     \begin{description}
    ! Paragraph ended before \UTFviii@three@octets was complete.
    <to be read again>
     \par
    l.15 ...mon Spavound; Enrique Martínez-García}}}{}
     \begin{description}
    ! Paragraph ended before \def was complete.
    <to be read again>
     \par
    l.15 ...mon Spavound; Enrique Martínez-García}}}{}
     \begin{description}
    ! Paragraph ended before \def was complete.
    <to be read again>
     \par
    l.15 ...mon Spavound; Enrique Martínez-García}}}{}
     \begin{description}
    ! Paragraph ended before \def was complete.
    <to be read again>
     \par
    l.15 ...mon Spavound; Enrique Martínez-García}}}{}
     \begin{description}
    ! Paragraph ended before \def was complete.
    <to be read again>
     \par
    l.15 ...mon Spavound; Enrique Martínez-García}}}{}
     \begin{description}
    ! Paragraph ended before \def was complete.
    <to be read again>
     \par
    l.15 ...mon Spavound; Enrique Martínez-García}}}{}
     \begin{description}
    ! Paragraph ended before \def was complete.
    <to be read again>
     \par
    l.15 ...mon Spavound; Enrique Martínez-García}}}{}
     \begin{description}
    ! Paragraph ended before \def was complete.
    <to be read again>
     \par
    l.15 ...mon Spavound; Enrique Martínez-García}}}{}
     \begin{description}
    ! Paragraph ended before \def was complete.
    <to be read again>
     \par
    l.15 ...mon Spavound; Enrique Martínez-García}}}{}
     \begin{description}
    ! Paragraph ended before \def was complete.
    <to be read again>
     \par
    l.15 ...mon Spavound; Enrique Martínez-García}}}{}
     \begin{description}
    ! Paragraph ended before \def was complete.
    <to be read again>
     \par
    l.15 ...mon Spavound; Enrique Martínez-García}}}{}
     \begin{description}
    ! Paragraph ended before \def was complete.
    <to be read again>
     \par
    l.15 ...mon Spavound; Enrique Martínez-García}}}{}
     \begin{description}
    ! Paragraph ended before \def was complete.
    <to be read again>
     \par
    l.15 ...mon Spavound; Enrique Martínez-García}}}{}
     \begin{description}
    ! Paragraph ended before \def was complete.
    <to be read again>
     \par
    l.15 ...mon Spavound; Enrique Martínez-García}}}{}
     \begin{description}
    ! Paragraph ended before \def was complete.
    <to be read again>
     \par
    l.15 ...mon Spavound; Enrique Martínez-García}}}{}
     \begin{description}
    ! Paragraph ended before \def was complete.
    <to be read again>
     \par
    l.15 ...mon Spavound; Enrique Martínez-García}}}{}
     \begin{description}
    ! Paragraph ended before \def was complete.
    <to be read again>
     \par
    l.15 ...mon Spavound; Enrique Martínez-García}}}{}
     \begin{description}
    ! Paragraph ended before \def was complete.
    <to be read again>
     \par
    l.15 ...mon Spavound; Enrique Martínez-García}}}{}
     \begin{description}
    ! Paragraph ended before \def was complete.
    <to be read again>
     \par
    l.15 ...mon Spavound; Enrique Martínez-García}}}{}
     \begin{description}
    ! Paragraph ended before \def was complete.
    <to be read again>
     \par
    l.15 ...mon Spavound; Enrique Martínez-García}}}{}
     \begin{description}
    ! Paragraph ended before \def was complete.
    <to be read again>
     \par
    l.15 ...mon Spavound; Enrique Martínez-García}}}{}
     \begin{description}
    ! Paragraph ended before \def was complete.
    <to be read again>
     \par
    l.15 ...mon Spavound; Enrique Martínez-García}}}{}
     \begin{description}
    ! Paragraph ended before \def was complete.
    <to be read again>
     \par
    l.15 ...mon Spavound; Enrique Martínez-García}}}{}
     \begin{description}
    ! Paragraph ended before \def was complete.
    <to be read again>
     \par
    l.15 ...mon Spavound; Enrique Martínez-García}}}{}
     \begin{description}
    ! Paragraph ended before \def was complete.
    <to be read again>
     \par
    l.15 ...mon Spavound; Enrique Martínez-García}}}{}
     \begin{description}
    ! Paragraph ended before \def was complete.
    <to be read again>
     \par
    l.15 ...mon Spavound; Enrique Martínez-García}}}{}
     \begin{description}
    ! Paragraph ended before \def was complete.
    <to be read again>
     \par
    l.15 ...mon Spavound; Enrique Martínez-García}}}{}
     \begin{description}
    ! Paragraph ended before \def was complete.
    <to be read again>
     \par
    l.15 ...mon Spavound; Enrique Martínez-García}}}{}
     \begin{description}
    ! Paragraph ended before \def was complete.
    <to be read again>
     \par
    l.15 ...mon Spavound; Enrique Martínez-García}}}{}
     \begin{description}
    ! Paragraph ended before \def was complete.
    <to be read again>
     \par
    l.15 ...mon Spavound; Enrique Martínez-García}}}{}
     \begin{description}
    ! Paragraph ended before \def was complete.
    <to be read again>
     \par
    l.15 ...mon Spavound; Enrique Martínez-García}}}{}
     \begin{description}
    ! Paragraph ended before \def was complete.
    <to be read again>
     \par
    l.15 ...mon Spavound; Enrique Martínez-García}}}{}
     \begin{description}
    ! Paragraph ended before \def was complete.
    <to be read again>
     \par
    l.15 ...mon Spavound; Enrique Martínez-García}}}{}
     \begin{description}
    ! Paragraph ended before \def was complete.
    <to be read again>
     \par
    l.15 ...mon Spavound; Enrique Martínez-García}}}{}
     \begin{description}
    ! Paragraph ended before \def was complete.
    <to be read again>
     \par
    l.15 ...mon Spavound; Enrique Martínez-García}}}{}
     \begin{description}
    ! Paragraph ended before \def was complete.
    <to be read again>
     \par
    l.15 ...mon Spavound; Enrique Martínez-García}}}{}
     \begin{description}
    ! Paragraph ended before \def was complete.
    <to be read again>
     \par
    l.15 ...mon Spavound; Enrique Martínez-García}}}{}
     \begin{description}
    ! Paragraph ended before \def was complete.
    <to be read again>
     \par
    l.15 ...mon Spavound; Enrique Martínez-García}}}{}
     \begin{description}
    ! Paragraph ended before \def was complete.
    <to be read again>
     \par
    l.15 ...mon Spavound; Enrique Martínez-García}}}{}
     \begin{description}
    ! Paragraph ended before \def was complete.
    <to be read again>
     \par
    l.15 ...mon Spavound; Enrique Martínez-García}}}{}
     \begin{description}
    ! Paragraph ended before \def was complete.
    <to be read again>
     \par
    l.15 ...mon Spavound; Enrique Martínez-García}}}{}
     \begin{description}
    ! Paragraph ended before \def was complete.
    <to be read again>
     \par
    l.15 ...mon Spavound; Enrique Martínez-García}}}{}
     \begin{description}
    ! Paragraph ended before \def was complete.
    <to be read again>
     \par
    l.15 ...mon Spavound; Enrique Martínez-García}}}{}
     \begin{description}
    ! Paragraph ended before \def was complete.
    <to be read again>
     \par
    l.15 ...mon Spavound; Enrique Martínez-García}}}{}
     \begin{description}
    ! Paragraph ended before \def was complete.
    <to be read again>
     \par
    l.15 ...mon Spavound; Enrique Martínez-García}}}{}
     \begin{description}
    ! Paragraph ended before \def was complete.
    <to be read again>
     \par
    l.15 ...mon Spavound; Enrique Martínez-García}}}{}
     \begin{description}
    ! Paragraph ended before \def was complete.
    <to be read again>
     \par
    l.15 ...mon Spavound; Enrique Martínez-García}}}{}
     \begin{description}
    ! Paragraph ended before \def was complete.
    <to be read again>
     \par
    l.15 ...mon Spavound; Enrique Martínez-García}}}{}
     \begin{description}
    ! Paragraph ended before \def was complete.
    <to be read again>
     \par
    l.15 ...mon Spavound; Enrique Martínez-García}}}{}
     \begin{description}
    ! Paragraph ended before \def was complete.
    <to be read again>
     \par
    l.15 ...mon Spavound; Enrique Martínez-García}}}{}
     \begin{description}
    ! Paragraph ended before \def was complete.
    <to be read again>
     \par
    l.15 ...mon Spavound; Enrique Martínez-García}}}{}
     \begin{description}
    ! Paragraph ended before \def was complete.
    <to be read again>
     \par
    l.15 ...mon Spavound; Enrique Martínez-García}}}{}
     \begin{description}
    ! Paragraph ended before \def was complete.
    <to be read again>
     \par
    l.15 ...mon Spavound; Enrique Martínez-García}}}{}
     \begin{description}
    ! Paragraph ended before \def was complete.
    <to be read again>
     \par
    l.15 ...mon Spavound; Enrique Martínez-García}}}{}
     \begin{description}
    ! Paragraph ended before \def was complete.
    <to be read again>
     \par
    l.15 ...mon Spavound; Enrique Martínez-García}}}{}
     \begin{description}
    ! Paragraph ended before \def was complete.
    <to be read again>
     \par
    l.15 ...mon Spavound; Enrique Martínez-García}}}{}
     \begin{description}
    ! Paragraph ended before \def was complete.
    <to be read again>
     \par
    l.15 ...mon Spavound; Enrique Martínez-García}}}{}
     \begin{description}
    ! Paragraph ended before \def was complete.
    <to be read again>
     \par
    l.15 ...mon Spavound; Enrique Martínez-García}}}{}
     \begin{description}
    ! Paragraph ended before \def was complete.
    <to be read again>
     \par
    l.15 ...mon Spavound; Enrique Martínez-García}}}{}
     \begin{description}
    ! Paragraph ended before \def was complete.
    <to be read again>
     \par
    l.15 ...mon Spavound; Enrique Martínez-García}}}{}
     \begin{description}
    ! Paragraph ended before \def was complete.
    <to be read again>
     \par
    l.15 ...mon Spavound; Enrique Martínez-García}}}{}
     \begin{description}
    ! Paragraph ended before \def was complete.
    <to be read again>
     \par
    l.15 ...mon Spavound; Enrique Martínez-García}}}{}
     \begin{description}
    ! Paragraph ended before \def was complete.
    <to be read again>
     \par
    l.15 ...mon Spavound; Enrique Martínez-García}}}{}
     \begin{description}
    ! Paragraph ended before \def was complete.
    <to be read again>
     \par
    l.15 ...mon Spavound; Enrique Martínez-García}}}{}
     \begin{description}
    ! Paragraph ended before \def was complete.
    <to be read again>
     \par
    l.15 ...mon Spavound; Enrique Martínez-García}}}{}
     \begin{description}
    ! Paragraph ended before \def was complete.
    <to be read again>
     \par
    l.15 ...mon Spavound; Enrique Martínez-García}}}{}
     \begin{description}
    ! Paragraph ended before \def was complete.
    <to be read again>
     \par
    l.15 ...mon Spavound; Enrique Martínez-García}}}{}
     \begin{description}
    ! Paragraph ended before \def was complete.
    <to be read again>
     \par
    l.15 ...mon Spavound; Enrique Martínez-García}}}{}
     \begin{description}
    ! Paragraph ended before \def was complete.
    <to be read again>
     \par
    l.15 ...mon Spavound; Enrique Martínez-García}}}{}
     \begin{description}
    ! Paragraph ended before \def was complete.
    <to be read again>
     \par
    l.15 ...mon Spavound; Enrique Martínez-García}}}{}
     \begin{description}
    ! Paragraph ended before \def was complete.
    <to be read again>
     \par
    l.15 ...mon Spavound; Enrique Martínez-García}}}{}
     \begin{description}
    ! Paragraph ended before \def was complete.
    <to be read again>
     \par
    l.15 ...mon Spavound; Enrique Martínez-García}}}{}
     \begin{description}
    ! Paragraph ended before \def was complete.
    <to be read again>
     \par
    l.15 ...mon Spavound; Enrique Martínez-García}}}{}
     \begin{description}
    ! Paragraph ended before \def was complete.
    <to be read again>
     \par
    l.15 ...mon Spavound; Enrique Martínez-García}}}{}
     \begin{description}
    ! Paragraph ended before \def was complete.
    <to be read again>
     \par
    l.15 ...mon Spavound; Enrique Martínez-García}}}{}
     \begin{description}
    ! Paragraph ended before \def was complete.
    <to be read again>
     \par
    l.15 ...mon Spavound; Enrique Martínez-García}}}{}
     \begin{description}
    ! Paragraph ended before \def was complete.
    <to be read again>
     \par
    l.15 ...mon Spavound; Enrique Martínez-García}}}{}
     \begin{description}
    ! Paragraph ended before \def was complete.
    <to be read again>
     \par
    l.15 ...mon Spavound; Enrique Martínez-García}}}{}
     \begin{description}
    ! Paragraph ended before \def was complete.
    <to be read again>
     \par
    l.15 ...mon Spavound; Enrique Martínez-García}}}{}
     \begin{description}
    ! Paragraph ended before \def was complete.
    <to be read again>
     \par
    l.15 ...mon Spavound; Enrique Martínez-García}}}{}
     \begin{description}
    ! Paragraph ended before \def was complete.
    <to be read again>
     \par
    l.15 ...mon Spavound; Enrique Martínez-García}}}{}
     \begin{description}
    ! Paragraph ended before \def was complete.
    <to be read again>
     \par
    l.15 ...mon Spavound; Enrique Martínez-García}}}{}
     \begin{description}
    ! Paragraph ended before \def was complete.
    <to be read again>
     \par
    l.15 ...mon Spavound; Enrique Martínez-García}}}{}
     \begin{description}
    ! Paragraph ended before \def was complete.
    <to be read again>
     \par
    l.15 ...mon Spavound; Enrique Martínez-García}}}{}
     \begin{description}
    ! Paragraph ended before \def was complete.
    <to be read again>
     \par
    l.15 ...mon Spavound; Enrique Martínez-García}}}{}
     \begin{description}
    ! Paragraph ended before \def was complete.
    <to be read again>
     \par
    l.15 ...mon Spavound; Enrique Martínez-García}}}{}
     \begin{description}
    ! Paragraph ended before \def was complete.
    <to be read again>
     \par
    l.15 ...mon Spavound; Enrique Martínez-García}}}{}
     \begin{description}
    ! Paragraph ended before \def was complete.
    <to be read again>
     \par
    l.15 ...mon Spavound; Enrique Martínez-García}}}{}
     \begin{description}
    ! Paragraph ended before \def was complete.
    <to be read again>
     \par
    l.15 ...mon Spavound; Enrique Martínez-García}}}{}
     \begin{description}
    ! Paragraph ended before \def was complete.
    <to be read again>
     \par
    l.15 ...mon Spavound; Enrique Martínez-García}}}{}
     \begin{description}
    ! Paragraph ended before \def was complete.
    <to be read again>
     \par
    l.15 ...mon Spavound; Enrique Martínez-García}}}{}
     \begin{description}
    ! Paragraph ended before \def was complete.
    <to be read again>
     \par
    l.15 ...mon Spavound; Enrique Martínez-García}}}{}
     \begin{description}
    ! Paragraph ended before \def was complete.
    <to be read again>
     \par
    l.15 ...mon Spavound; Enrique Martínez-García}}}{}
     \begin{description}
    ! Paragraph ended before \def was complete.
    <to be read again>
     \par
    l.15 ...mon Spavound; Enrique Martínez-García}}}{}
     \begin{description}
    ! Paragraph ended before \def was complete.
    <to be read again>
     \par
    l.15 ...mon Spavound; Enrique Martínez-García}}}{}
     \begin{description}
    ! Paragraph ended before \def was complete.
    <to be read again>
     \par
    l.15 ...mon Spavound; Enrique Martínez-García}}}{}
     \begin{description}
    ! Paragraph ended before \def was complete.
    <to be read again>
     \par
    l.15 ...mon Spavound; Enrique Martínez-García}}}{}
     \begin{description}
    ! Paragraph ended before \def was complete.
    <to be read again>
     \par
    l.15 ...mon Spavound; Enrique Martínez-García}}}{}
     \begin{description}
    ! Paragraph ended before \def was complete.
    <to be read again>
     \par
    l.15 ...mon Spavound; Enrique Martínez-García}}}{}
     \begin{description}
    ! ==> Fatal error occurred, no output PDF file produced!
Flavor: r-release-windows-ix86+x86_64