Last updated on 2023-11-29 15:50:14 CET.
Flavor | Version | Tinstall | Tcheck | Ttotal | Status | Flags |
---|---|---|---|---|---|---|
r-devel-linux-x86_64-debian-clang | 0.2.4 | 2.93 | 43.23 | 46.16 | NOTE | |
r-devel-linux-x86_64-debian-gcc | 0.2.4 | 2.21 | 32.46 | 34.67 | NOTE | |
r-devel-linux-x86_64-fedora-clang | 0.2.4 | 57.72 | NOTE | |||
r-devel-linux-x86_64-fedora-gcc | 0.2.4 | 65.77 | NOTE | |||
r-devel-windows-x86_64 | 0.2.4 | 4.00 | 58.00 | 62.00 | NOTE | |
r-patched-linux-x86_64 | 0.2.4 | 2.97 | 40.90 | 43.87 | NOTE | |
r-release-linux-x86_64 | 0.2.4 | 1.84 | 41.47 | 43.31 | NOTE | |
r-release-macos-arm64 | 0.2.4 | 29.00 | NOTE | |||
r-release-macos-x86_64 | 0.2.4 | 41.00 | NOTE | |||
r-release-windows-x86_64 | 0.2.4 | 5.00 | 63.00 | 68.00 | NOTE | |
r-oldrel-macos-arm64 | 0.2.4 | 24.00 | NOTE | |||
r-oldrel-macos-x86_64 | 0.2.4 | 42.00 | NOTE | |||
r-oldrel-windows-x86_64 | 0.2.4 | 4.00 | 65.00 | 69.00 | NOTE |
Version: 0.2.4
Check: LazyData
Result: NOTE
'LazyData' is specified without a 'data' directory
Flavors: r-devel-linux-x86_64-debian-clang, r-devel-linux-x86_64-debian-gcc, r-devel-linux-x86_64-fedora-clang, r-devel-linux-x86_64-fedora-gcc, r-devel-windows-x86_64, r-patched-linux-x86_64, r-release-linux-x86_64, r-release-macos-arm64, r-release-macos-x86_64, r-release-windows-x86_64, r-oldrel-macos-arm64, r-oldrel-macos-x86_64, r-oldrel-windows-x86_64