Last updated on 2023-05-31 01:03:18 CEST.
Flavor | Version | Tinstall | Tcheck | Ttotal | Status | Flags |
---|---|---|---|---|---|---|
r-devel-linux-x86_64-debian-clang | 4022.94 | 74.57 | 162.01 | 236.58 | OK | |
r-devel-linux-x86_64-debian-gcc | 4022.94 | 65.22 | 124.01 | 189.23 | OK | |
r-devel-linux-x86_64-fedora-clang | 4022.94 | 311.63 | OK | |||
r-devel-linux-x86_64-fedora-gcc | 4022.94 | 303.46 | OK | |||
r-devel-windows-x86_64 | 4022.94 | 76.00 | 151.00 | 227.00 | OK | |
r-patched-linux-x86_64 | 4022.94 | 82.06 | 156.29 | 238.35 | OK | |
r-release-linux-x86_64 | 4022.94 | 72.34 | 157.26 | 229.60 | OK | |
r-release-macos-arm64 | 4022.94 | 96.00 | OK | |||
r-release-macos-x86_64 | 4022.94 | 170.00 | NOTE | |||
r-release-windows-x86_64 | 4022.94 | 93.00 | 178.00 | 271.00 | OK | |
r-oldrel-macos-arm64 | 4022.94 | 106.00 | OK | |||
r-oldrel-macos-x86_64 | 4022.94 | 113.00 | OK | |||
r-oldrel-windows-x86_64 | 4022.94 | 88.00 | 187.00 | 275.00 | OK |
Version: 4022.94
Check: package dependencies
Result: NOTE
Package suggested but not available for checking: ‘interp’
Flavor: r-release-macos-x86_64