CRAN Package Check Results for Package fabletools

Last updated on 2021-12-07 23:54:28 CET.

Flavor Version Tinstall Tcheck Ttotal Status Flags
r-devel-linux-x86_64-debian-clang 0.3.2 16.80 210.67 227.47 OK
r-devel-linux-x86_64-debian-gcc 0.3.2 13.23 155.04 168.27 OK
r-devel-linux-x86_64-fedora-clang 0.3.2 266.01 NOTE
r-devel-linux-x86_64-fedora-gcc 0.3.2 255.51 OK
r-devel-windows-x86_64-new-UL 0.3.2 41.00 260.00 301.00 OK
r-devel-windows-x86_64-new-TK 0.3.2 OK
r-devel-windows-x86_64-old 0.3.2 25.00 245.00 270.00 OK
r-patched-linux-x86_64 0.3.2 21.55 197.46 219.01 OK
r-release-linux-x86_64 0.3.2 17.34 197.46 214.80 OK
r-release-macos-arm64 0.3.2 OK
r-release-macos-x86_64 0.3.2 OK
r-release-windows-ix86+x86_64 0.3.2 20.00 232.00 252.00 OK
r-oldrel-macos-x86_64 0.3.2 OK
r-oldrel-windows-ix86+x86_64 0.3.2 31.00 236.00 267.00 OK

Check Details

Version: 0.3.2
Check: Rd cross-references
Result: NOTE
    Undeclared package ‘future’ in Rd xrefs
Flavor: r-devel-linux-x86_64-fedora-clang