CRAN Package Check Results for Package factormodel

Last updated on 2023-09-23 01:54:11 CEST.

Flavor Version Tinstall Tcheck Ttotal Status Flags
r-devel-linux-x86_64-debian-clang 1.0 2.38 43.05 45.43 OK
r-devel-linux-x86_64-debian-gcc 1.0 2.17 32.31 34.48 OK
r-devel-linux-x86_64-fedora-clang 1.0 58.50 NOTE
r-devel-linux-x86_64-fedora-gcc 1.0 67.01 NOTE
r-devel-windows-x86_64 1.0 5.00 63.00 68.00 OK
r-patched-linux-x86_64 1.0 1.95 41.76 43.71 OK
r-release-linux-x86_64 1.0 2.42 41.80 44.22 OK
r-release-macos-arm64 1.0 28.00 OK
r-release-macos-x86_64 1.0 41.00 OK
r-release-windows-x86_64 1.0 5.00 63.00 68.00 OK
r-oldrel-macos-arm64 1.0 21.00 NOTE
r-oldrel-macos-x86_64 1.0 39.00 NOTE
r-oldrel-windows-x86_64 1.0 5.00 65.00 70.00 OK

Check Details

Version: 1.0
Check: dependencies in R code
Result: NOTE
    Namespace in Imports field not imported from: ‘dplyr’
     All declared Imports should be used.
Flavors: r-devel-linux-x86_64-fedora-clang, r-devel-linux-x86_64-fedora-gcc, r-oldrel-macos-arm64, r-oldrel-macos-x86_64