CRAN Package Check Results for Package factormodel

Last updated on 2022-01-26 08:51:17 CET.

Flavor Version Tinstall Tcheck Ttotal Status Flags
r-devel-linux-x86_64-debian-clang 1.0 2.48 51.50 53.98 OK
r-devel-linux-x86_64-debian-gcc 1.0 1.70 38.66 40.36 OK
r-devel-linux-x86_64-fedora-clang 1.0 65.23 NOTE
r-devel-linux-x86_64-fedora-gcc 1.0 54.25 NOTE
r-devel-windows-x86_64-new-UL 1.0 27.00 77.00 104.00 OK
r-devel-windows-x86_64-new-TK 1.0 NOTE
r-patched-linux-x86_64 1.0 2.30 48.25 50.55 OK
r-release-linux-x86_64 1.0 2.28 48.03 50.31 OK
r-release-macos-arm64 1.0 NOTE
r-release-macos-x86_64 1.0 NOTE
r-release-windows-ix86+x86_64 1.0 6.00 64.00 70.00 OK
r-oldrel-macos-x86_64 1.0 NOTE
r-oldrel-windows-ix86+x86_64 1.0 6.00 63.00 69.00 OK

Check Details

Version: 1.0
Check: dependencies in R code
Result: NOTE
    Namespace in Imports field not imported from: ‘dplyr’
     All declared Imports should be used.
Flavors: r-devel-linux-x86_64-fedora-clang, r-devel-linux-x86_64-fedora-gcc, r-devel-windows-x86_64-new-TK, r-release-macos-arm64, r-release-macos-x86_64, r-oldrel-macos-x86_64