CRAN Package Check Results for Package factormodel

Last updated on 2024-07-25 01:55:35 CEST.

Flavor Version Tinstall Tcheck Ttotal Status Flags
r-devel-linux-x86_64-debian-clang 1.0 2.86 46.65 49.51 OK
r-devel-linux-x86_64-debian-gcc 1.0 1.79 34.26 36.05 OK
r-devel-linux-x86_64-fedora-clang 1.0 63.28 NOTE
r-devel-linux-x86_64-fedora-gcc 1.0 71.15 NOTE
r-devel-windows-x86_64 1.0 4.00 61.00 65.00 OK
r-patched-linux-x86_64 1.0 2.73 44.39 47.12 OK
r-release-linux-x86_64 1.0 2.49 44.44 46.93 OK
r-release-macos-arm64 1.0 29.00 OK
r-release-macos-x86_64 1.0 58.00 OK
r-release-windows-x86_64 1.0 3.00 62.00 65.00 OK
r-oldrel-macos-arm64 1.0 28.00 OK
r-oldrel-macos-x86_64 1.0 41.00 OK
r-oldrel-windows-x86_64 1.0 4.00 64.00 68.00 OK

Check Details

Version: 1.0
Check: dependencies in R code
Result: NOTE Namespace in Imports field not imported from: ‘dplyr’ All declared Imports should be used. Flavors: r-devel-linux-x86_64-fedora-clang, r-devel-linux-x86_64-fedora-gcc