CRAN Package Check Results for Package fairadapt

Last updated on 2023-06-09 04:53:00 CEST.

Flavor Version Tinstall Tcheck Ttotal Status Flags
r-devel-linux-x86_64-debian-clang 0.2.5 10.53 190.40 200.93 OK
r-devel-linux-x86_64-debian-gcc 0.2.5 8.37 142.88 151.25 OK
r-devel-linux-x86_64-fedora-clang 0.2.5 240.82 OK
r-devel-linux-x86_64-fedora-gcc 0.2.5 239.90 OK
r-devel-windows-x86_64 0.2.5 11.00 217.00 228.00 OK
r-patched-linux-x86_64 0.2.5 8.86 180.69 189.55 OK
r-release-linux-x86_64 0.2.5 7.86 178.94 186.80 OK
r-release-macos-arm64 0.2.5 98.00 ERROR
r-release-macos-x86_64 0.2.5 100.00 OK
r-release-windows-x86_64 0.2.5 13.00 187.00 200.00 OK
r-oldrel-macos-arm64 0.2.5 92.00 ERROR
r-oldrel-macos-x86_64 0.2.5 117.00 OK
r-oldrel-windows-x86_64 0.2.5 13.00 190.00 203.00 OK

Check Details

Version: 0.2.5
Check: re-building of vignette outputs
Result: ERROR
    Error(s) in re-building vignettes:
    --- re-building ‘jss.Rmd’ using rmarkdown
    This is pdfTeX, Version 3.141592653-2.6-1.40.24 (TeX Live 2022) (preloaded format=pdflatex)
     restricted \write18 enabled.
    entering extended mode
    
    kpathsea: Running mktexpk --mfmode / --bdpi 600 --mag 1+57/600 --dpi 657 bbm10
    mkdir: ././opt/tex/texmf-var/fonts/pk/ljfour/public: Permission denied
    mktexpk: /opt/tex/texmf-dist/web2c/mktexdir /opt/tex/texmf-var/fonts/pk/ljfour/public/bbm failed.
    kpathsea: Appending font creation commands to missfont.log.
    This is pdfTeX, Version 3.141592653-2.6-1.40.24 (TeX Live 2022) (preloaded format=pdflatex)
     restricted \write18 enabled.
    entering extended mode
    
    kpathsea: Running mktexpk --mfmode / --bdpi 600 --mag 1+57/600 --dpi 657 bbm10
    mkdir: ././opt/tex/texmf-var/fonts/pk/ljfour/public: Permission denied
    mktexpk: /opt/tex/texmf-dist/web2c/mktexdir /opt/tex/texmf-var/fonts/pk/ljfour/public/bbm failed.
    kpathsea: Appending font creation commands to missfont.log.
    This is pdfTeX, Version 3.141592653-2.6-1.40.24 (TeX Live 2022) (preloaded format=pdflatex)
     restricted \write18 enabled.
    entering extended mode
    
    kpathsea: Running mktexpk --mfmode / --bdpi 600 --mag 1+57/600 --dpi 657 bbm10
    mkdir: ././opt/tex/texmf-var/fonts/pk/ljfour/public: Permission denied
    mktexpk: /opt/tex/texmf-dist/web2c/mktexdir /opt/tex/texmf-var/fonts/pk/ljfour/public/bbm failed.
    kpathsea: Appending font creation commands to missfont.log.
    Error: processing vignette 'jss.Rmd' failed with diagnostics:
    LaTeX failed to compile /Volumes/Builds/packages/big-sur-arm64/results/4.3/fairadapt.Rcheck/vign_test/fairadapt/vignettes/jss.tex. See https://yihui.org/tinytex/r/#debugging for debugging tips.
    --- failed re-building ‘jss.Rmd’
    
    SUMMARY: processing the following file failed:
     ‘jss.Rmd’
    
    Error: Vignette re-building failed.
    Execution halted
Flavor: r-release-macos-arm64

Version: 0.2.5
Check: re-building of vignette outputs
Result: ERROR
    Error(s) in re-building vignettes:
    --- re-building ‘jss.Rmd’ using rmarkdown
    This is pdfTeX, Version 3.141592653-2.6-1.40.24 (TeX Live 2022) (preloaded format=pdflatex)
     restricted \write18 enabled.
    entering extended mode
    
    kpathsea: Running mktexpk --mfmode / --bdpi 600 --mag 1+57/600 --dpi 657 bbm10
    mkdir: ././opt/tex/texmf-var/fonts/pk/ljfour/public: Permission denied
    mktexpk: /opt/tex/texmf-dist/web2c/mktexdir /opt/tex/texmf-var/fonts/pk/ljfour/public/bbm failed.
    kpathsea: Appending font creation commands to missfont.log.
    This is pdfTeX, Version 3.141592653-2.6-1.40.24 (TeX Live 2022) (preloaded format=pdflatex)
     restricted \write18 enabled.
    entering extended mode
    
    kpathsea: Running mktexpk --mfmode / --bdpi 600 --mag 1+57/600 --dpi 657 bbm10
    mkdir: ././opt/tex/texmf-var/fonts/pk/ljfour/public: Permission denied
    mktexpk: /opt/tex/texmf-dist/web2c/mktexdir /opt/tex/texmf-var/fonts/pk/ljfour/public/bbm failed.
    kpathsea: Appending font creation commands to missfont.log.
    This is pdfTeX, Version 3.141592653-2.6-1.40.24 (TeX Live 2022) (preloaded format=pdflatex)
     restricted \write18 enabled.
    entering extended mode
    
    kpathsea: Running mktexpk --mfmode / --bdpi 600 --mag 1+57/600 --dpi 657 bbm10
    mkdir: ././opt/tex/texmf-var/fonts/pk/ljfour/public: Permission denied
    mktexpk: /opt/tex/texmf-dist/web2c/mktexdir /opt/tex/texmf-var/fonts/pk/ljfour/public/bbm failed.
    kpathsea: Appending font creation commands to missfont.log.
    Error: processing vignette 'jss.Rmd' failed with diagnostics:
    LaTeX failed to compile /Volumes/Builds/packages/big-sur-arm64/results/4.2/fairadapt.Rcheck/vign_test/fairadapt/vignettes/jss.tex. See https://yihui.org/tinytex/r/#debugging for debugging tips.
    --- failed re-building ‘jss.Rmd’
    
    SUMMARY: processing the following file failed:
     ‘jss.Rmd’
    
    Error: Vignette re-building failed.
    Execution halted
Flavor: r-oldrel-macos-arm64