Last updated on 2023-10-02 13:02:51 CEST.
Flavor | Version | Tinstall | Tcheck | Ttotal | Status | Flags |
---|---|---|---|---|---|---|
r-devel-linux-x86_64-debian-clang | 0.2.13 | 175.84 | 22.15 | 197.99 | OK | |
r-devel-linux-x86_64-debian-gcc | 0.2.13 | 134.88 | 17.61 | 152.49 | OK | |
r-devel-linux-x86_64-fedora-clang | 0.2.13 | 277.99 | OK | |||
r-devel-linux-x86_64-fedora-gcc | 0.2.13 | 276.94 | OK | |||
r-devel-windows-x86_64 | 0.2.13 | 89.00 | 77.00 | 166.00 | OK | |
r-patched-linux-x86_64 | 0.2.13 | 171.44 | 21.76 | 193.20 | OK | |
r-release-linux-x86_64 | 0.2.13 | 166.08 | 21.86 | 187.94 | OK | |
r-release-macos-arm64 | 0.2.13 | 62.00 | NOTE | |||
r-release-macos-x86_64 | 0.2.13 | 138.00 | NOTE | |||
r-release-windows-x86_64 | 0.2.13 | 116.00 | 85.00 | 201.00 | OK | |
r-oldrel-macos-arm64 | 0.2.13 | 65.00 | NOTE | |||
r-oldrel-macos-x86_64 | 0.2.13 | 87.00 | NOTE | |||
r-oldrel-windows-x86_64 | 0.2.13 | 102.00 | 85.00 | 187.00 | OK |
Version: 0.2.13
Check: installed package size
Result: NOTE
installed size is 8.4Mb
sub-directories of 1Mb or more:
libs 8.3Mb
Flavors: r-release-macos-arm64, r-release-macos-x86_64, r-oldrel-macos-arm64, r-oldrel-macos-x86_64