Last updated on 2023-03-27 20:52:14 CEST.
Flavor | Version | Tinstall | Tcheck | Ttotal | Status | Flags |
---|---|---|---|---|---|---|
r-devel-linux-x86_64-debian-clang | 0.0-4 | 30.24 | 31.58 | 61.82 | OK | |
r-devel-linux-x86_64-debian-gcc | 0.0-4 | 24.22 | 24.66 | 48.88 | OK | |
r-devel-linux-x86_64-fedora-clang | 0.0-4 | 87.98 | NOTE | |||
r-devel-linux-x86_64-fedora-gcc | 0.0-4 | 79.21 | OK | |||
r-patched-linux-x86_64 | 0.0-4 | 22.91 | 30.85 | 53.76 | OK | |
r-release-linux-x86_64 | 0.0-4 | 25.77 | 31.87 | 57.64 | OK | |
r-release-macos-arm64 | 0.0-4 | 30.00 | OK | |||
r-release-macos-x86_64 | 0.0-4 | 39.00 | OK | |||
r-release-windows-x86_64 | 0.0-4 | 41.00 | 82.00 | 123.00 | OK | |
r-oldrel-macos-arm64 | 0.0-4 | 32.00 | OK | |||
r-oldrel-macos-x86_64 | 0.0-4 | 47.00 | OK | |||
r-oldrel-windows-ix86+x86_64 | 0.0-4 | 80.00 | 140.00 | 220.00 | OK |
Version: 0.0-4
Check: Rd cross-references
Result: NOTE
Undeclared packages ‘ICSNP’, ‘ICS’ in Rd xrefs
Flavor: r-devel-linux-x86_64-fedora-clang