CRAN Package Check Results for Package fastai

Last updated on 2021-11-27 07:49:49 CET.

Flavor Version Tinstall Tcheck Ttotal Status Flags
r-devel-linux-x86_64-debian-clang 2.1.0 OK
r-devel-linux-x86_64-debian-gcc 2.1.0 21.77 155.58 177.35 OK
r-devel-linux-x86_64-fedora-clang 2.1.0 387.41 NOTE
r-devel-linux-x86_64-fedora-gcc 2.1.0 370.63 OK
r-devel-windows-x86_64-new-UL 2.1.0 125.00 356.00 481.00 NOTE
r-devel-windows-x86_64-new-TK 2.1.0 OK
r-devel-windows-x86_64-old 2.1.0 53.00 328.00 381.00 NOTE
r-patched-linux-x86_64 2.1.0 34.60 207.35 241.95 OK
r-patched-solaris-x86 2.1.0 318.20 NOTE
r-release-linux-x86_64 2.1.0 OK
r-release-macos-arm64 2.1.0 NOTE
r-release-macos-x86_64 2.1.0 NOTE
r-release-windows-ix86+x86_64 2.1.0 56.00 215.00 271.00 NOTE
r-oldrel-macos-x86_64 2.1.0 NOTE
r-oldrel-windows-ix86+x86_64 2.1.0 53.00 285.00 338.00 NOTE

Check Details

Version: 2.1.0
Check: installed package size
Result: NOTE
     installed size is 5.1Mb
     sub-directories of 1Mb or more:
     doc 3.0Mb
     help 1.2Mb
Flavors: r-devel-linux-x86_64-fedora-clang, r-devel-windows-x86_64-new-UL, r-devel-windows-x86_64-old, r-patched-solaris-x86, r-release-macos-arm64, r-release-macos-x86_64, r-release-windows-ix86+x86_64, r-oldrel-macos-x86_64, r-oldrel-windows-ix86+x86_64

Version: 2.1.0
Check: dependencies in R code
Result: NOTE
    Warning: please export TSAN_OPTIONS='ignore_noninstrumented_modules=1' to avoid false positive reports from the OpenMP runtime.!
Flavor: r-devel-linux-x86_64-fedora-clang