CRAN Package Check Results for Package fastcpd

Last updated on 2024-03-02 07:50:02 CET.

Flavor Version Tinstall Tcheck Ttotal Status Flags
r-devel-linux-x86_64-debian-clang 0.10.3 148.01 1438.49 1586.50 OK
r-devel-linux-x86_64-debian-gcc 0.10.3 123.00 1012.48 1135.48 OK
r-devel-linux-x86_64-fedora-clang 0.10.3 1545.16 NOTE
r-devel-linux-x86_64-fedora-gcc 0.10.3 2113.08 OK
r-devel-windows-x86_64 0.10.3 113.00 805.00 918.00 NOTE
r-patched-linux-x86_64 0.10.3 116.11 1201.49 1317.60 OK
r-release-linux-x86_64 0.10.3 137.52 1189.56 1327.08 OK
r-release-macos-arm64 0.10.3 366.00 NOTE
r-release-macos-x86_64 0.10.3 821.00 NOTE
r-release-windows-x86_64 0.10.3 149.00 934.00 1083.00 NOTE
r-oldrel-macos-arm64 0.10.3 396.00 NOTE
r-oldrel-windows-x86_64 0.10.3 141.00 982.00 1123.00 NOTE

Additional issues

noRemap

Check Details

Version: 0.10.3
Check: installed package size
Result: NOTE installed size is 5.4Mb sub-directories of 1Mb or more: doc 1.1Mb help 1.7Mb libs 1.4Mb Flavors: r-devel-linux-x86_64-fedora-clang, r-devel-windows-x86_64, r-release-macos-arm64, r-release-macos-x86_64, r-release-windows-x86_64, r-oldrel-macos-arm64, r-oldrel-windows-x86_64