Last updated on 2023-03-23 03:53:19 CET.
Flavor | Version | Tinstall | Tcheck | Ttotal | Status | Flags |
---|---|---|---|---|---|---|
r-devel-linux-x86_64-debian-clang | 1.0.4 | 115.48 | 281.87 | 397.35 | NOTE | |
r-devel-linux-x86_64-debian-gcc | 1.0.4 | 99.72 | 211.82 | 311.54 | NOTE | |
r-devel-linux-x86_64-fedora-clang | 1.0.4 | 542.19 | NOTE | |||
r-devel-linux-x86_64-fedora-gcc | 1.0.4 | 505.74 | NOTE | |||
r-patched-linux-x86_64 | 1.0.4 | 113.02 | 268.78 | 381.80 | OK | |
r-release-linux-x86_64 | 1.0.4 | 101.55 | 266.44 | 367.99 | OK | |
r-release-macos-arm64 | 1.0.4 | 120.00 | OK | |||
r-release-macos-x86_64 | 1.0.4 | 148.00 | OK | |||
r-release-windows-x86_64 | 1.0.4 | 145.00 | 299.00 | 444.00 | OK | |
r-oldrel-macos-arm64 | 1.0.4 | 109.00 | OK | |||
r-oldrel-macos-x86_64 | 1.0.4 | 145.00 | OK | |||
r-oldrel-windows-ix86+x86_64 | 1.0.4 | 289.00 | 390.00 | 679.00 | OK |
Version: 1.0.4
Check: C++ specification
Result: NOTE
Specified C++11: please drop specification unless essential
Flavors: r-devel-linux-x86_64-debian-clang, r-devel-linux-x86_64-debian-gcc, r-devel-linux-x86_64-fedora-clang, r-devel-linux-x86_64-fedora-gcc