Last updated on 2023-03-21 07:54:09 CET.
Flavor | Version | Tinstall | Tcheck | Ttotal | Status | Flags |
---|---|---|---|---|---|---|
r-devel-linux-x86_64-debian-clang | 1.2 | NOTE | ||||
r-devel-linux-x86_64-debian-gcc | 1.2 | 18.69 | 21.40 | 40.09 | NOTE | |
r-devel-linux-x86_64-fedora-clang | 1.2 | 74.09 | NOTE | |||
r-devel-linux-x86_64-fedora-gcc | 1.2 | 64.38 | NOTE | |||
r-devel-windows-x86_64 | 1.2 | 35.00 | 73.00 | 108.00 | NOTE | |
r-patched-linux-x86_64 | 1.2 | 20.17 | 27.89 | 48.06 | OK | |
r-release-linux-x86_64 | 1.2 | 21.14 | 27.89 | 49.03 | OK | |
r-release-macos-arm64 | 1.2 | 21.00 | OK | |||
r-release-macos-x86_64 | 1.2 | 32.00 | OK | |||
r-release-windows-x86_64 | 1.2 | 26.00 | 80.00 | 106.00 | OK | |
r-oldrel-macos-arm64 | 1.2 | 26.00 | OK | |||
r-oldrel-macos-x86_64 | 1.2 | 40.00 | OK | |||
r-oldrel-windows-ix86+x86_64 | 1.2 | 58.00 | 81.00 | 139.00 | OK |
Version: 1.2
Check: C++ specification
Result: NOTE
Specified C++11: please drop specification unless essential
Flavors: r-devel-linux-x86_64-debian-clang, r-devel-linux-x86_64-debian-gcc, r-devel-linux-x86_64-fedora-clang, r-devel-linux-x86_64-fedora-gcc, r-devel-windows-x86_64