Last updated on 2023-03-28 12:54:40 CEST.
Flavor | Version | Tinstall | Tcheck | Ttotal | Status | Flags |
---|---|---|---|---|---|---|
r-devel-linux-x86_64-debian-clang | 0.1.1 | 74.73 | 29.50 | 104.23 | NOTE | |
r-devel-linux-x86_64-debian-gcc | 0.1.1 | 55.29 | 23.09 | 78.38 | NOTE | |
r-devel-linux-x86_64-fedora-clang | 0.1.1 | 169.51 | NOTE | |||
r-devel-linux-x86_64-fedora-gcc | 0.1.1 | 140.71 | NOTE | |||
r-patched-linux-x86_64 | 0.1.1 | 61.65 | 28.53 | 90.18 | NOTE | |
r-release-linux-x86_64 | 0.1.1 | 57.83 | 30.80 | 88.63 | NOTE | |
r-release-macos-arm64 | 0.1.1 | 36.00 | NOTE | |||
r-release-macos-x86_64 | 0.1.1 | 49.00 | NOTE | |||
r-release-windows-x86_64 | 0.1.1 | 40.00 | 80.00 | 120.00 | NOTE | |
r-oldrel-macos-arm64 | 0.1.1 | 38.00 | NOTE | |||
r-oldrel-macos-x86_64 | 0.1.1 | 63.00 | NOTE | |||
r-oldrel-windows-ix86+x86_64 | 0.1.1 | 103.00 | 80.00 | 183.00 | NOTE |
Version: 0.1.1
Check: LazyData
Result: NOTE
'LazyData' is specified without a 'data' directory
Flavors: r-devel-linux-x86_64-debian-clang, r-devel-linux-x86_64-debian-gcc, r-devel-linux-x86_64-fedora-clang, r-devel-linux-x86_64-fedora-gcc, r-patched-linux-x86_64, r-release-linux-x86_64, r-release-macos-arm64, r-release-macos-x86_64, r-release-windows-x86_64, r-oldrel-macos-arm64, r-oldrel-macos-x86_64, r-oldrel-windows-ix86+x86_64