Last updated on 2023-06-08 04:54:50 CEST.
Flavor | Version | Tinstall | Tcheck | Ttotal | Status | Flags |
---|---|---|---|---|---|---|
r-devel-linux-x86_64-debian-clang | 0.0.7 | 34.37 | 85.27 | 119.64 | NOTE | |
r-devel-linux-x86_64-debian-gcc | 0.1.0 | 25.66 | 31.72 | 57.38 | OK | |
r-devel-linux-x86_64-fedora-clang | 0.1.0 | 108.50 | NOTE | |||
r-devel-linux-x86_64-fedora-gcc | 0.1.0 | 120.87 | OK | |||
r-devel-windows-x86_64 | 0.1.0 | 32.00 | 86.00 | 118.00 | OK | |
r-patched-linux-x86_64 | 0.1.0 | 27.25 | 39.40 | 66.65 | OK | |
r-release-linux-x86_64 | 0.0.7 | 26.65 | 87.21 | 113.86 | NOTE | |
r-release-macos-arm64 | 0.1.0 | 38.00 | OK | |||
r-release-macos-x86_64 | 0.0.7 | 70.00 | NOTE | |||
r-release-windows-x86_64 | 0.1.0 | 34.00 | 87.00 | 121.00 | OK | |
r-oldrel-macos-arm64 | 0.1.0 | 35.00 | OK | |||
r-oldrel-macos-x86_64 | 0.0.7 | 74.00 | OK | |||
r-oldrel-windows-x86_64 | 0.1.0 | 32.00 | 103.00 | 135.00 | OK |
Version: 0.0.7
Check: C++ specification
Result: NOTE
Specified C++11: please drop specification unless essential
Flavors: r-devel-linux-x86_64-debian-clang, r-release-linux-x86_64, r-release-macos-x86_64
Version: 0.1.0
Check: Rd cross-references
Result: NOTE
Undeclared package ‘earth’ in Rd xrefs
Flavor: r-devel-linux-x86_64-fedora-clang