Last updated on 2023-10-03 17:05:54 CEST.
Flavor | Version | Tinstall | Tcheck | Ttotal | Status | Flags |
---|---|---|---|---|---|---|
r-devel-linux-x86_64-debian-clang | 1.6.1 | 5.89 | 61.29 | 67.18 | NOTE | |
r-devel-linux-x86_64-debian-gcc | 1.6.1 | 4.12 | 44.29 | 48.41 | NOTE | |
r-devel-linux-x86_64-fedora-clang | 1.6.1 | 81.44 | NOTE | |||
r-devel-linux-x86_64-fedora-gcc | 1.6.1 | 80.69 | NOTE | |||
r-devel-windows-x86_64 | 1.6.1 | 7.00 | 74.00 | 81.00 | OK | |
r-patched-linux-x86_64 | 1.6.1 | 6.12 | 61.17 | 67.29 | NOTE | |
r-release-linux-x86_64 | 1.6.1 | 5.26 | 61.84 | 67.10 | NOTE | |
r-release-macos-arm64 | 1.6.1 | 29.00 | OK | |||
r-release-macos-x86_64 | 1.6.1 | 46.00 | OK | |||
r-release-windows-x86_64 | 1.6.1 | 7.00 | 92.00 | 99.00 | OK | |
r-oldrel-macos-arm64 | 1.6.1 | 30.00 | OK | |||
r-oldrel-macos-x86_64 | 1.6.1 | 39.00 | OK | |||
r-oldrel-windows-x86_64 | 1.6.1 | 15.00 | 94.00 | 109.00 | OK |
Version: 1.6.1
Check: for non-standard things in the check directory
Result: NOTE
Found the following files/directories:
‘test2delete.txt’ ‘test2delete2_values.txt’ ‘test2delete_values.txt’
Flavors: r-devel-linux-x86_64-debian-clang, r-devel-linux-x86_64-debian-gcc, r-devel-linux-x86_64-fedora-clang, r-devel-linux-x86_64-fedora-gcc, r-patched-linux-x86_64, r-release-linux-x86_64