CRAN Package Check Results for Package fda

Last updated on 2023-12-11 07:49:29 CET.

Flavor Version Tinstall Tcheck Ttotal Status Flags
r-devel-linux-x86_64-debian-clang 6.1.4 33.42 257.04 290.46 NOTE
r-devel-linux-x86_64-debian-gcc 6.1.4 26.17 187.19 213.36 NOTE
r-devel-linux-x86_64-fedora-clang 6.1.4 377.17 NOTE
r-devel-linux-x86_64-fedora-gcc 6.1.4 379.44 NOTE
r-devel-windows-x86_64 6.1.4 30.00 228.00 258.00 NOTE
r-patched-linux-x86_64 6.1.4 26.71 249.81 276.52 OK
r-release-linux-x86_64 6.1.4 22.99 245.18 268.17 OK
r-release-macos-arm64 6.1.4 105.00 OK
r-release-macos-x86_64 6.1.4 251.00 NOTE
r-release-windows-x86_64 6.1.4 41.00 284.00 325.00 OK
r-oldrel-macos-arm64 6.1.4 102.00 OK
r-oldrel-macos-x86_64 6.1.4 116.00 OK
r-oldrel-windows-x86_64 6.1.4 42.00 263.00 305.00 OK

Check Details

Version: 6.1.4
Check: Rd files
Result: NOTE checkRd: (-1) CSTR.Rd:62-66: Lost braces in \itemize; meant \describe ? checkRd: (-1) CSTR.Rd:68-74: Lost braces in \itemize; meant \describe ? checkRd: (-1) CSTR.Rd:75-77: Lost braces in \itemize; meant \describe ? checkRd: (-1) CSTR.Rd:89-97: Lost braces in \itemize; meant \describe ? checkRd: (-1) CSTR.Rd:98-102: Lost braces in \itemize; meant \describe ? checkRd: (-1) CSTR.Rd:104-106: Lost braces in \itemize; meant \describe ? checkRd: (-1) CSTR.Rd:107-115: Lost braces in \itemize; meant \describe ? checkRd: (-1) CSTR.Rd:117-120: Lost braces in \itemize; meant \describe ? checkRd: (-1) CSTR.Rd:122-125: Lost braces in \itemize; meant \describe ? checkRd: (-1) CSTR.Rd:126-129: Lost braces in \itemize; meant \describe ? checkRd: (-1) CSTR.Rd:136-138: Lost braces in \itemize; meant \describe ? checkRd: (-1) CSTR.Rd:139-142: Lost braces in \itemize; meant \describe ? checkRd: (-1) CSTR.Rd:143-145: Lost braces in \itemize; meant \describe ? checkRd: (-1) CSTR.Rd:146-148: Lost braces in \itemize; meant \describe ? checkRd: (-1) CSTR.Rd:149-152: Lost braces in \itemize; meant \describe ? checkRd: (-1) CSTR.Rd:153-155: Lost braces in \itemize; meant \describe ? checkRd: (-1) CSTR.Rd:156-158: Lost braces in \itemize; meant \describe ? checkRd: (-1) CSTR.Rd:159-161: Lost braces in \itemize; meant \describe ? checkRd: (-1) CSTR.Rd:162-164: Lost braces in \itemize; meant \describe ? checkRd: (-1) CSTR.Rd:165-167: Lost braces in \itemize; meant \describe ? checkRd: (-1) CSTR.Rd:168-170: Lost braces in \itemize; meant \describe ? checkRd: (-1) CSTR.Rd:171-175: Lost braces in \itemize; meant \describe ? checkRd: (-1) CSTR.Rd:176-181: Lost braces in \itemize; meant \describe ? checkRd: (-1) CSTR.Rd:182-186: Lost braces in \itemize; meant \describe ? checkRd: (-1) CSTR.Rd:297-309: Lost braces in \itemize; \value handles \item{}{} directly checkRd: (-1) CSTR.Rd:310-320: Lost braces in \itemize; \value handles \item{}{} directly checkRd: (-1) CSTR.Rd:328-332: Lost braces in \itemize; \value handles \item{}{} directly checkRd: (-1) CSTR.Rd:333-349: Lost braces in \itemize; \value handles \item{}{} directly checkRd: (-1) CSTR.Rd:350-354: Lost braces in \itemize; \value handles \item{}{} directly checkRd: (-1) CSTR.Rd:355-358: Lost braces in \itemize; \value handles \item{}{} directly checkRd: (-1) CSTR.Rd:359-362: Lost braces in \itemize; \value handles \item{}{} directly checkRd: (-1) CanadianWeather.Rd:23-71: Lost braces in \itemize; meant \describe ? checkRd: (-1) CanadianWeather.Rd:26-40: Lost braces in \itemize; meant \describe ? checkRd: (-1) CanadianWeather.Rd:41-47: Lost braces in \itemize; meant \describe ? checkRd: (-1) CanadianWeather.Rd:48-50: Lost braces in \itemize; meant \describe ? checkRd: (-1) CanadianWeather.Rd:51-54: Lost braces in \itemize; meant \describe ? checkRd: (-1) CanadianWeather.Rd:55-58: Lost braces in \itemize; meant \describe ? checkRd: (-1) CanadianWeather.Rd:59-62: Lost braces in \itemize; meant \describe ? checkRd: (-1) CanadianWeather.Rd:63-66: Lost braces in \itemize; meant \describe ? checkRd: (-1) CanadianWeather.Rd:67-69: Lost braces in \itemize; meant \describe ? checkRd: (-1) CanadianWeather.Rd:72-95: Lost braces in \itemize; meant \describe ? checkRd: (-1) CanadianWeather.Rd:75-81: Lost braces in \itemize; meant \describe ? checkRd: (-1) CanadianWeather.Rd:82-87: Lost braces in \itemize; meant \describe ? checkRd: (-1) CanadianWeather.Rd:88-93: Lost braces in \itemize; meant \describe ? checkRd: (-1) Data2fd.Rd:79-82: Lost braces in \itemize; meant \describe ? checkRd: (-1) Data2fd.Rd:83-88: Lost braces in \itemize; meant \describe ? checkRd: (-1) Data2fd.Rd:89-94: Lost braces in \itemize; meant \describe ? checkRd: (-1) Data2fd.Rd:95-100: Lost braces in \itemize; meant \describe ? checkRd: (-1) Data2fd.Rd:101-105: Lost braces in \itemize; meant \describe ? checkRd: (-1) Data2fd.Rd:106-109: Lost braces in \itemize; meant \describe ? checkRd: (-1) Data2fd.Rd:135-138: Lost braces in \itemize; meant \describe ? checkRd: (-1) Data2fd.Rd:139-142: Lost braces in \itemize; meant \describe ? checkRd: (-1) Data2fd.Rd:143-146: Lost braces in \itemize; meant \describe ? checkRd: (-1) Data2fd.Rd:231-233: Lost braces in \itemize; \value handles \item{}{} directly checkRd: (-1) Data2fd.Rd:234-236: Lost braces in \itemize; \value handles \item{}{} directly checkRd: (-1) Data2fd.Rd:237-241: Lost braces in \itemize; \value handles \item{}{} directly checkRd: (-1) Fperm.fd.Rd:21: Lost braces in \itemize; meant \describe ? checkRd: (-1) Fperm.fd.Rd:22-25: Lost braces in \itemize; meant \describe ? checkRd: (-1) Fperm.fd.Rd:26-30: Lost braces in \itemize; meant \describe ? checkRd: (-1) as.fd.Rd:34: Lost braces in \itemize; meant \describe ? checkRd: (-1) as.fd.Rd:36-49: Lost braces in \itemize; meant \describe ? checkRd: (-1) as.fd.Rd:51-54: Lost braces in \itemize; meant \describe ? checkRd: (-1) basisfd.Rd:30: Lost braces in \enumerate; meant \describe ? checkRd: (-1) basisfd.Rd:31: Lost braces in \enumerate; meant \describe ? checkRd: (-1) basisfd.Rd:32: Lost braces in \enumerate; meant \describe ? checkRd: (-1) basisfd.Rd:33: Lost braces in \enumerate; meant \describe ? checkRd: (-1) basisfd.Rd:36: Lost braces in \enumerate; meant \describe ? checkRd: (-1) basisfd.Rd:37: Lost braces in \enumerate; meant \describe ? checkRd: (-1) basisfd.Rd:39: Lost braces in \enumerate; meant \describe ? checkRd: (-1) bifdPar.Rd:32-35: Lost braces in \itemize; meant \describe ? checkRd: (-1) bifdPar.Rd:36-42: Lost braces in \itemize; meant \describe ? checkRd: (-1) bifdPar.Rd:43: Lost braces in \itemize; meant \describe ? checkRd: (-1) bifdPar.Rd:53-56: Lost braces in \itemize; meant \describe ? checkRd: (-1) bifdPar.Rd:57-63: Lost braces in \itemize; meant \describe ? checkRd: (-1) bifdPar.Rd:64: Lost braces in \itemize; meant \describe ? checkRd: (-1) create.basis.Rd:29-36: Lost braces in \itemize; meant \describe ? checkRd: (-1) create.basis.Rd:37-65: Lost braces in \itemize; meant \describe ? checkRd: (-1) create.basis.Rd:72-80: Lost braces in \itemize; meant \describe ? checkRd: (-1) create.basis.Rd:81-85: Lost braces in \itemize; meant \describe ? checkRd: (-1) create.basis.Rd:86-88: Lost braces in \itemize; meant \describe ? checkRd: (-1) create.basis.Rd:89-92: Lost braces in \itemize; meant \describe ? checkRd: (-1) create.basis.Rd:93-98: Lost braces in \itemize; meant \describe ? checkRd: (-1) create.basis.Rd:106-109: Lost braces in \itemize; meant \describe ? checkRd: (-1) create.basis.Rd:110-119: Lost braces in \itemize; meant \describe ? checkRd: (-1) create.basis.Rd:120-126: Lost braces in \itemize; meant \describe ? checkRd: (-1) create.basis.Rd:127-157: Lost braces in \itemize; meant \describe ? checkRd: (-1) create.basis.Rd:158-167: Lost braces in \itemize; meant \describe ? checkRd: (-1) create.basis.Rd:168-177: Lost braces in \itemize; meant \describe ? checkRd: (-1) dateAccessories.Rd:24-26: Lost braces in \itemize; meant \describe ? checkRd: (-1) dateAccessories.Rd:27-30: Lost braces in \itemize; meant \describe ? checkRd: (-1) dateAccessories.Rd:31-33: Lost braces in \itemize; meant \describe ? checkRd: (-1) dateAccessories.Rd:34-37: Lost braces in \itemize; meant \describe ? checkRd: (-1) dateAccessories.Rd:38-40: Lost braces in \itemize; meant \describe ? checkRd: (-1) dateAccessories.Rd:41-44: Lost braces in \itemize; meant \describe ? checkRd: (-1) dateAccessories.Rd:45-48: Lost braces in \itemize; meant \describe ? checkRd: (-1) dateAccessories.Rd:49-52: Lost braces in \itemize; meant \describe ? checkRd: (-1) dateAccessories.Rd:53-56: Lost braces in \itemize; meant \describe ? checkRd: (-1) dateAccessories.Rd:57-60: Lost braces in \itemize; meant \describe ? checkRd: (-1) exponentiate.fd.Rd:57-60: Lost braces in \itemize; meant \describe ? checkRd: (-1) exponentiate.fd.Rd:61-63: Lost braces in \itemize; meant \describe ? checkRd: (-1) exponentiate.fd.Rd:64-85: Lost braces in \itemize; meant \describe ? checkRd: (-1) fRegress.Rd:63-86: Lost braces in \itemize; meant \describe ? checkRd: (-1) fRegress.Rd:87-90: Lost braces in \itemize; meant \describe ? checkRd: (-1) fRegress.Rd:91-93: Lost braces in \itemize; meant \describe ? checkRd: (-1) fRegress.Rd:109-112: Lost braces in \itemize; meant \describe ? checkRd: (-1) fRegress.Rd:113-116: Lost braces in \itemize; meant \describe ? checkRd: (-1) fRegress.Rd:228-232: Lost braces in \itemize; \value handles \item{}{} directly checkRd: (-1) fRegress.Rd:233: Lost braces in \itemize; \value handles \item{}{} directly checkRd: (-1) fRegress.Rd:234: Lost braces in \itemize; \value handles \item{}{} directly checkRd: (-1) fRegress.Rd:235-238: Lost braces in \itemize; \value handles \item{}{} directly checkRd: (-1) fRegress.Rd:239-242: Lost braces in \itemize; \value handles \item{}{} directly checkRd: (-1) fRegress.Rd:243-247: Lost braces in \itemize; \value handles \item{}{} directly checkRd: (-1) fRegress.Rd:248: Lost braces in \itemize; \value handles \item{}{} directly checkRd: (-1) fRegress.Rd:252: Lost braces in \itemize; \value handles \item{}{} directly checkRd: (-1) fRegress.Rd:253: Lost braces in \itemize; \value handles \item{}{} directly checkRd: (-1) fRegress.Rd:254: Lost braces in \itemize; \value handles \item{}{} directly checkRd: (-1) fRegress.Rd:259: Lost braces in \itemize; \value handles \item{}{} directly checkRd: (-1) fRegress.Rd:260: Lost braces in \itemize; \value handles \item{}{} directly checkRd: (-1) fRegress.Rd:261-262: Lost braces in \itemize; \value handles \item{}{} directly checkRd: (-1) fRegress.Rd:263: Lost braces in \itemize; \value handles \item{}{} directly checkRd: (-1) fRegress.Rd:264-265: Lost braces in \itemize; \value handles \item{}{} directly checkRd: (-1) fRegress.Rd:281-283: Lost braces in \itemize; \value handles \item{}{} directly checkRd: (-1) fRegress.Rd:284-285: Lost braces in \itemize; \value handles \item{}{} directly checkRd: (-1) fRegress.Rd:286-287: Lost braces in \itemize; \value handles \item{}{} directly checkRd: (-1) fRegress.Rd:288-292: Lost braces in \itemize; \value handles \item{}{} directly checkRd: (-1) fdPar.Rd:35-38: Lost braces in \itemize; meant \describe ? checkRd: (-1) fdPar.Rd:39-45: Lost braces in \itemize; meant \describe ? checkRd: (-1) fdPar.Rd:46: Lost braces in \itemize; meant \describe ? checkRd: (-1) handwrit.Rd:17-20: Lost braces in \itemize; meant \describe ? checkRd: (-1) handwrit.Rd:21-23: Lost braces in \itemize; meant \describe ? checkRd: (-1) infantGrowth.Rd:16: Lost braces in \itemize; meant \describe ? checkRd: (-1) infantGrowth.Rd:17-19: Lost braces in \itemize; meant \describe ? checkRd: (-1) infantGrowth.Rd:20-23: Lost braces in \itemize; meant \describe ? checkRd: (-1) lip.Rd:20-23: Lost braces in \itemize; meant \describe ? checkRd: (-1) lip.Rd:24-28: Lost braces in \itemize; meant \describe ? checkRd: (-1) lip.Rd:29-32: Lost braces in \itemize; meant \describe ? checkRd: (-1) plot.Lfd.Rd:21-23: Lost braces in \itemize; meant \describe ? checkRd: (-1) plot.Lfd.Rd:24-29: Lost braces in \itemize; meant \describe ? checkRd: (-1) plot.basisfd.Rd:24-26: Lost braces in \itemize; meant \describe ? checkRd: (-1) plot.basisfd.Rd:27-32: Lost braces in \itemize; meant \describe ? checkRd: (-1) plot.fd.Rd:77-79: Lost braces in \itemize; meant \describe ? checkRd: (-1) plot.fd.Rd:80-85: Lost braces in \itemize; meant \describe ? checkRd: (-1) plot.pda.fd.rd:21: Lost braces in \itemize; meant \describe ? checkRd: (-1) plot.pda.fd.rd:22: Lost braces in \itemize; meant \describe ? checkRd: (-1) plot.pda.fd.rd:23: Lost braces in \itemize; meant \describe ? checkRd: (-1) plotfit.fd.Rd:120-122: Lost braces in \itemize; meant \describe ? checkRd: (-1) plotfit.fd.Rd:123-125: Lost braces in \itemize; meant \describe ? checkRd: (-1) register.newfd.Rd:25-28: Lost braces in \itemize; meant \describe ? checkRd: (-1) register.newfd.Rd:29-33: Lost braces in \itemize; meant \describe ? checkRd: (-1) register.newfd.Rd:34-37: Lost braces in \itemize; meant \describe ? checkRd: (-1) smooth.basis.Rd:94-97: Lost braces in \itemize; meant \describe ? checkRd: (-1) smooth.basis.Rd:98-100: Lost braces in \itemize; meant \describe ? checkRd: (-1) smooth.basis.Rd:101-104: Lost braces in \itemize; meant \describe ? checkRd: (-1) smooth.basis.sparse.Rd:68-71: Lost braces in \itemize; meant \describe ? checkRd: (-1) smooth.basis.sparse.Rd:72-74: Lost braces in \itemize; meant \describe ? checkRd: (-1) smooth.basis.sparse.Rd:75-78: Lost braces in \itemize; meant \describe ? checkRd: (-1) smooth.basisPar.Rd:55-57: Lost braces in \itemize; meant \describe ? checkRd: (-1) smooth.basisPar.Rd:58-62: Lost braces in \itemize; meant \describe ? checkRd: (-1) smooth.basisPar.Rd:63-65: Lost braces in \itemize; meant \describe ? checkRd: (-1) smooth.basisPar.Rd:66-70: Lost braces in \itemize; meant \describe ? checkRd: (-1) smooth.basisPar.Rd:71: Lost braces in \itemize; meant \describe ? checkRd: (-1) smooth.basisPar.Rd:72-74: Lost braces in \itemize; meant \describe ? checkRd: (-1) smooth.basisPar.Rd:84-87: Lost braces in \itemize; meant \describe ? checkRd: (-1) smooth.basisPar.Rd:88-94: Lost braces in \itemize; meant \describe ? checkRd: (-1) smooth.basisPar.Rd:95: Lost braces in \itemize; meant \describe ? checkRd: (-1) smooth.basisPar.Rd:123-126: Lost braces in \itemize; meant \describe ? checkRd: (-1) smooth.basisPar.Rd:127-129: Lost braces in \itemize; meant \describe ? checkRd: (-1) smooth.basisPar.Rd:130-133: Lost braces in \itemize; meant \describe ? checkRd: (-1) smooth.fdPar.Rd:26-29: Lost braces in \itemize; meant \describe ? checkRd: (-1) smooth.fdPar.Rd:30-36: Lost braces in \itemize; meant \describe ? checkRd: (-1) smooth.fdPar.Rd:37: Lost braces in \itemize; meant \describe ? Flavors: r-devel-linux-x86_64-debian-clang, r-devel-linux-x86_64-debian-gcc

Version: 6.1.4
Check: Rd contents
Result: NOTE Argument items with no description in Rd file 'getbasispenalty.Rd': ‘Lfdobj’ Flavors: r-devel-linux-x86_64-debian-clang, r-devel-linux-x86_64-debian-gcc, r-devel-linux-x86_64-fedora-clang, r-devel-linux-x86_64-fedora-gcc, r-devel-windows-x86_64

Version: 6.1.4
Check: installed package size
Result: NOTE installed size is 5.0Mb sub-directories of 1Mb or more: doc 2.7Mb Flavors: r-devel-linux-x86_64-fedora-clang, r-release-macos-x86_64