Last updated on 2023-05-31 01:03:18 CEST.
Flavor | Version | Tinstall | Tcheck | Ttotal | Status | Flags |
---|---|---|---|---|---|---|
r-devel-linux-x86_64-debian-clang | 2.1.0 | 46.49 | 286.20 | 332.69 | OK | |
r-devel-linux-x86_64-debian-gcc | 2.1.0 | 42.60 | 217.74 | 260.34 | OK | |
r-devel-linux-x86_64-fedora-clang | 2.1.0 | 422.64 | NOTE | |||
r-devel-linux-x86_64-fedora-gcc | 2.1.0 | 425.12 | NOTE | |||
r-devel-windows-x86_64 | 2.1.0 | 41.00 | 231.00 | 272.00 | OK | |
r-patched-linux-x86_64 | 2.1.0 | 53.82 | 277.05 | 330.87 | OK | |
r-release-linux-x86_64 | 2.1.0 | 32.38 | 274.69 | 307.07 | OK | |
r-release-macos-arm64 | 2.1.0 | 100.00 | OK | |||
r-release-macos-x86_64 | 2.1.0 | 178.00 | OK | |||
r-release-windows-x86_64 | 2.1.0 | 59.00 | 286.00 | 345.00 | OK | |
r-oldrel-macos-arm64 | 2.1.0 | 98.00 | NOTE | |||
r-oldrel-macos-x86_64 | 2.1.0 | 118.00 | NOTE | |||
r-oldrel-windows-x86_64 | 2.1.0 | 55.00 | 256.00 | 311.00 | OK |
Version: 2.1.0
Check: data for non-ASCII characters
Result: NOTE
Note: found 76 marked UTF-8 strings
Flavors: r-devel-linux-x86_64-fedora-clang, r-devel-linux-x86_64-fedora-gcc, r-oldrel-macos-arm64, r-oldrel-macos-x86_64