Last updated on 2023-10-02 17:01:37 CEST.
Flavor | Version | Tinstall | Tcheck | Ttotal | Status | Flags |
---|---|---|---|---|---|---|
r-devel-linux-x86_64-debian-clang | 0.6.1 | 108.72 | 36.74 | 145.46 | OK | |
r-devel-linux-x86_64-debian-gcc | 0.6.1 | 80.11 | 27.57 | 107.68 | OK | |
r-devel-linux-x86_64-fedora-clang | 0.6.1 | 213.27 | OK | |||
r-devel-linux-x86_64-fedora-gcc | 0.6.1 | 227.26 | OK | |||
r-devel-windows-x86_64 | 0.6.1 | 83.00 | 76.00 | 159.00 | OK | |
r-patched-linux-x86_64 | 0.6.1 | 109.73 | 36.09 | 145.82 | OK | |
r-release-linux-x86_64 | 0.6.1 | 114.53 | 36.12 | 150.65 | OK | |
r-release-macos-arm64 | 0.6.1 | 54.00 | NOTE | |||
r-release-macos-x86_64 | 0.6.1 | 80.00 | NOTE | |||
r-release-windows-x86_64 | 0.6.1 | 104.00 | 81.00 | 185.00 | OK | |
r-oldrel-macos-arm64 | 0.6.1 | 53.00 | NOTE | |||
r-oldrel-macos-x86_64 | 0.6.1 | 66.00 | NOTE | |||
r-oldrel-windows-x86_64 | 0.6.1 | 100.00 | 74.00 | 174.00 | OK |
Version: 0.6.1
Check: installed package size
Result: NOTE
installed size is 7.6Mb
sub-directories of 1Mb or more:
libs 7.5Mb
Flavors: r-release-macos-arm64, r-release-macos-x86_64, r-oldrel-macos-arm64, r-oldrel-macos-x86_64