CRAN Package Check Results for Package fdaPDE

Last updated on 2021-11-30 23:51:38 CET.

Flavor Version Tinstall Tcheck Ttotal Status Flags
r-devel-linux-x86_64-debian-clang 1.0-9 221.77 102.70 324.47 OK
r-devel-linux-x86_64-debian-gcc 1.0-9 205.38 100.45 305.83 OK
r-devel-linux-x86_64-fedora-clang 1.0-9 484.73 NOTE
r-devel-linux-x86_64-fedora-gcc 1.0-9 523.30 OK
r-devel-windows-x86_64-new-UL 1.0-9 250.00 194.00 444.00 OK
r-devel-windows-x86_64-new-TK 1.0-9 OK
r-devel-windows-x86_64-old 1.0-9 269.00 116.00 385.00 OK
r-patched-linux-x86_64 1.0-9 226.76 114.33 341.09 OK
r-patched-solaris-x86 1.0-9 507.40 OK
r-release-linux-x86_64 1.0-9 227.31 117.21 344.52 OK
r-release-macos-arm64 1.0-9 NOTE
r-release-macos-x86_64 1.0-9 NOTE
r-release-windows-ix86+x86_64 1.0-9 528.00 184.00 712.00 OK
r-oldrel-macos-x86_64 1.0-9 NOTE
r-oldrel-windows-ix86+x86_64 1.0-9 357.00 171.00 528.00 OK

Check Details

Version: 1.0-9
Check: installed package size
Result: NOTE
     installed size is 66.6Mb
     sub-directories of 1Mb or more:
     libs 66.2Mb
Flavors: r-devel-linux-x86_64-fedora-clang, r-release-macos-arm64, r-release-macos-x86_64, r-oldrel-macos-x86_64