CRAN Package Check Results for Package fdaPOIFD

Last updated on 2022-01-26 08:51:17 CET.

Flavor Version Tinstall Tcheck Ttotal Status Flags
r-devel-linux-x86_64-debian-clang 1.0.2 5.09 78.59 83.68 OK
r-devel-linux-x86_64-debian-gcc 1.0.2 4.95 59.33 64.28 OK
r-devel-linux-x86_64-fedora-clang 1.0.2 100.76 NOTE
r-devel-linux-x86_64-fedora-gcc 1.0.2 89.04 NOTE
r-devel-windows-x86_64-new-UL 1.0.2 34.00 95.00 129.00 OK
r-devel-windows-x86_64-new-TK 1.0.2 NOTE
r-patched-linux-x86_64 1.0.2 3.52 70.32 73.84 OK
r-release-linux-x86_64 1.0.2 3.82 70.85 74.67 OK
r-release-macos-arm64 1.0.2 NOTE
r-release-macos-x86_64 1.0.2 NOTE
r-release-windows-ix86+x86_64 1.0.2 15.00 89.00 104.00 OK
r-oldrel-macos-x86_64 1.0.2 NOTE
r-oldrel-windows-ix86+x86_64 1.0.2 16.00 87.00 103.00 OK

Check Details

Version: 1.0.2
Check: dependencies in R code
Result: NOTE
    Namespaces in Imports field not imported from:
     ‘FastGP’ ‘MASS’ ‘fdapace’
     All declared Imports should be used.
Flavors: r-devel-linux-x86_64-fedora-clang, r-devel-linux-x86_64-fedora-gcc, r-devel-windows-x86_64-new-TK, r-release-macos-arm64, r-release-macos-x86_64, r-oldrel-macos-x86_64