Last updated on 2025-01-18 23:48:23 CET.
Flavor | Version | Tinstall | Tcheck | Ttotal | Status | Flags |
---|---|---|---|---|---|---|
r-devel-linux-x86_64-debian-clang | 0.1.3 | 24.86 | 46.34 | 71.20 | OK | |
r-devel-linux-x86_64-debian-gcc | 0.1.3 | 16.43 | 35.96 | 52.39 | OK | |
r-devel-linux-x86_64-fedora-clang | 0.1.3 | 127.21 | OK | |||
r-devel-linux-x86_64-fedora-gcc | 0.1.3 | 124.59 | OK | |||
r-devel-windows-x86_64 | 0.1.3 | 26.00 | 87.00 | 113.00 | OK | |
r-patched-linux-x86_64 | 0.1.3 | 21.34 | 47.04 | 68.38 | OK | |
r-release-linux-x86_64 | 0.1.3 | 21.98 | 47.34 | 69.32 | OK | |
r-release-macos-arm64 | 0.1.3 | 36.00 | NOTE | |||
r-release-macos-x86_64 | 0.1.3 | 89.00 | NOTE | |||
r-release-windows-x86_64 | 0.1.3 | 24.00 | 84.00 | 108.00 | OK | |
r-oldrel-macos-arm64 | 0.1.3 | 39.00 | NOTE | |||
r-oldrel-macos-x86_64 | 0.1.3 | 81.00 | NOTE | |||
r-oldrel-windows-x86_64 | 0.1.3 | 36.00 | 102.00 | 138.00 | OK |
Version: 0.1.3
Check: installed package size
Result: NOTE
installed size is 6.6Mb
sub-directories of 1Mb or more:
libs 6.4Mb
Flavors: r-release-macos-arm64, r-release-macos-x86_64, r-oldrel-macos-arm64, r-oldrel-macos-x86_64