Last updated on 2023-03-31 16:53:48 CEST.
Flavor | Version | Tinstall | Tcheck | Ttotal | Status | Flags |
---|---|---|---|---|---|---|
r-devel-linux-x86_64-debian-clang | 0.1.0 | 3.07 | 49.03 | 52.10 | NOTE | |
r-devel-linux-x86_64-debian-gcc | 0.1.0 | 2.80 | 37.14 | 39.94 | NOTE | |
r-devel-linux-x86_64-fedora-clang | 0.1.0 | 66.81 | NOTE | |||
r-devel-linux-x86_64-fedora-gcc | 0.1.0 | 63.26 | NOTE | |||
r-devel-windows-x86_64 | 0.1.0 | 18.00 | 0.00 | 18.00 | NOTE | |
r-patched-linux-x86_64 | 0.1.0 | 4.02 | 52.21 | 56.23 | NOTE | |
r-release-linux-x86_64 | 0.1.0 | 3.07 | 52.43 | 55.50 | NOTE | |
r-release-macos-arm64 | 0.1.0 | 22.00 | NOTE | |||
r-release-macos-x86_64 | 0.1.0 | 35.00 | NOTE | |||
r-release-windows-x86_64 | 0.1.0 | 9.00 | 88.00 | 97.00 | NOTE | |
r-oldrel-macos-arm64 | 0.1.0 | 27.00 | NOTE | |||
r-oldrel-macos-x86_64 | 0.1.0 | 34.00 | NOTE | |||
r-oldrel-windows-ix86+x86_64 | 0.1.0 | 11.00 | 79.00 | 90.00 | NOTE |
Version: 0.1.0
Check: dependencies in R code
Result: NOTE
Unexported objects imported by ‘:::’ calls:
‘fdapace:::GCVLwls1D1’ ‘fdapace:::GetSmoothedMeanCurve’
‘fdapace:::HandleNumericsAndNAN’ ‘fdapace:::interp2lin’
See the note in ?`:::` about the use of this operator.
Flavors: r-devel-linux-x86_64-debian-clang, r-devel-linux-x86_64-debian-gcc, r-devel-linux-x86_64-fedora-clang, r-devel-linux-x86_64-fedora-gcc, r-devel-windows-x86_64, r-patched-linux-x86_64, r-release-linux-x86_64, r-release-macos-arm64, r-release-macos-x86_64, r-release-windows-x86_64, r-oldrel-macos-arm64, r-oldrel-macos-x86_64, r-oldrel-windows-ix86+x86_64