CRAN Package Check Results for Package feasts

Last updated on 2021-10-22 04:54:48 CEST.

Flavor Version Tinstall Tcheck Ttotal Status Flags
r-devel-linux-x86_64-debian-clang 0.2.2 11.15 147.05 158.20 OK
r-devel-linux-x86_64-debian-gcc 0.2.2 8.37 103.78 112.15 OK
r-devel-linux-x86_64-fedora-clang 0.2.2 197.70 NOTE
r-devel-linux-x86_64-fedora-gcc 0.2.2 187.92 NOTE
r-devel-windows-x86_64 0.2.2 17.00 187.00 204.00 OK
r-devel-windows-x86_64-gcc10-UCRT 0.2.2 NOTE
r-patched-linux-x86_64 0.2.2 11.41 137.31 148.72 OK
r-patched-solaris-x86 0.2.2 206.10 NOTE
r-release-linux-x86_64 0.2.2 8.39 137.02 145.41 OK
r-release-macos-arm64 0.2.2 NOTE
r-release-macos-x86_64 0.2.2 NOTE
r-release-windows-ix86+x86_64 0.2.2 30.00 186.00 216.00 OK
r-oldrel-macos-x86_64 0.2.2 NOTE
r-oldrel-windows-ix86+x86_64 0.2.2 26.00 182.00 208.00 OK

Check Details

Version: 0.2.2
Check: dependencies in R code
Result: NOTE
    Namespace in Imports field not imported from: ‘scales’
     All declared Imports should be used.
Flavors: r-devel-linux-x86_64-fedora-clang, r-devel-linux-x86_64-fedora-gcc, r-devel-windows-x86_64-gcc10-UCRT, r-patched-solaris-x86, r-release-macos-arm64, r-release-macos-x86_64, r-oldrel-macos-x86_64

Version: 0.2.2
Check: package dependencies
Result: NOTE
    Package suggested but not available for checking: ‘seasonal’
Flavor: r-patched-solaris-x86