CRAN Package Check Results for Package ffscrapr

Last updated on 2021-11-27 07:49:49 CET.

Flavor Version Tinstall Tcheck Ttotal Status Flags
r-devel-linux-x86_64-debian-clang 1.4.7 OK
r-devel-linux-x86_64-debian-gcc 1.4.7 7.02 171.92 178.94 OK
r-devel-linux-x86_64-fedora-clang 1.4.7 290.84 NOTE
r-devel-linux-x86_64-fedora-gcc 1.4.7 307.78 NOTE
r-devel-windows-x86_64-new-UL 1.4.7 25.00 413.00 438.00 OK
r-devel-windows-x86_64-new-TK 1.4.7 NOTE
r-devel-windows-x86_64-old 1.4.7 11.00 398.00 409.00 OK
r-patched-linux-x86_64 1.4.7 7.99 264.16 272.15 OK
r-patched-solaris-x86 1.4.7 307.30 NOTE
r-release-linux-x86_64 1.4.7 OK
r-release-macos-arm64 1.4.7 NOTE
r-release-macos-x86_64 1.4.7 NOTE
r-release-windows-ix86+x86_64 1.4.7 16.00 261.00 277.00 OK
r-oldrel-macos-x86_64 1.4.7 NOTE
r-oldrel-windows-ix86+x86_64 1.4.7 18.00 393.00 411.00 OK

Check Details

Version: 1.4.7
Check: dependencies in R code
Result: NOTE
    Namespace in Imports field not imported from: ‘nflreadr’
     All declared Imports should be used.
Flavors: r-devel-linux-x86_64-fedora-clang, r-devel-linux-x86_64-fedora-gcc, r-devel-windows-x86_64-new-TK, r-patched-solaris-x86, r-release-macos-arm64, r-release-macos-x86_64, r-oldrel-macos-x86_64