CRAN Package Check Results for Package file2meco

Last updated on 2021-11-30 23:51:38 CET.

Flavor Version Tinstall Tcheck Ttotal Status Flags
r-devel-linux-x86_64-debian-clang 0.2.0 10.08 101.28 111.36 OK
r-devel-linux-x86_64-debian-gcc 0.2.0 10.08 86.45 96.53 OK
r-devel-linux-x86_64-fedora-clang 0.2.0 145.71 NOTE
r-devel-linux-x86_64-fedora-gcc 0.2.0 131.18 NOTE
r-devel-windows-x86_64-new-UL 0.2.0 22.00 142.00 164.00 NOTE
r-devel-windows-x86_64-new-TK 0.2.0 NOTE
r-devel-windows-x86_64-old 0.2.0 18.00 95.00 113.00 NOTE
r-patched-linux-x86_64 0.2.0 10.61 95.05 105.66 OK
r-patched-solaris-x86 0.2.0 203.60 NOTE
r-release-linux-x86_64 0.2.0 8.80 95.43 104.23 OK
r-release-macos-arm64 0.2.0 NOTE
r-release-macos-x86_64 0.2.0 NOTE
r-release-windows-ix86+x86_64 0.2.0 28.00 92.00 120.00 NOTE
r-oldrel-macos-x86_64 0.2.0 NOTE
r-oldrel-windows-ix86+x86_64 0.2.0 25.00 94.00 119.00 NOTE

Check Details

Version: 0.2.0
Check: installed package size
Result: NOTE
     installed size is 5.9Mb
     sub-directories of 1Mb or more:
     extdata 5.7Mb
Flavors: r-devel-linux-x86_64-fedora-clang, r-devel-windows-x86_64-new-UL, r-devel-windows-x86_64-old, r-patched-solaris-x86, r-release-macos-arm64, r-release-macos-x86_64, r-release-windows-ix86+x86_64, r-oldrel-macos-x86_64, r-oldrel-windows-ix86+x86_64

Version: 0.2.0
Check: dependencies in R code
Result: NOTE
    Namespace in Imports field not imported from: ‘R6’
     All declared Imports should be used.
Flavors: r-devel-linux-x86_64-fedora-clang, r-devel-linux-x86_64-fedora-gcc, r-devel-windows-x86_64-new-TK, r-patched-solaris-x86, r-release-macos-arm64, r-release-macos-x86_64, r-oldrel-macos-x86_64