CRAN Package Check Results for Package fillr

Last updated on 2023-09-26 13:08:31 CEST.

Flavor Version Tinstall Tcheck Ttotal Status Flags
r-devel-linux-x86_64-debian-clang 1.0.0 1.96 24.02 25.98 NOTE
r-devel-linux-x86_64-debian-gcc 1.0.0 1.79 18.77 20.56 NOTE
r-devel-linux-x86_64-fedora-clang 1.0.0 32.26 NOTE
r-devel-linux-x86_64-fedora-gcc 1.0.0 31.87 NOTE
r-devel-windows-x86_64 1.0.0 3.00 43.00 46.00 NOTE
r-patched-linux-x86_64 1.0.0 2.53 23.70 26.23 NOTE
r-release-linux-x86_64 1.0.0 2.11 23.50 25.61 NOTE
r-release-macos-arm64 1.0.0 15.00 NOTE
r-release-macos-x86_64 1.0.0 22.00 NOTE
r-release-windows-x86_64 1.0.0 3.00 40.00 43.00 NOTE
r-oldrel-macos-arm64 1.0.0 15.00 NOTE
r-oldrel-macos-x86_64 1.0.0 21.00 NOTE
r-oldrel-windows-x86_64 1.0.0 5.00 44.00 49.00 NOTE

Check Details

Version: 1.0.0
Check: LazyData
Result: NOTE
     'LazyData' is specified without a 'data' directory
Flavors: r-devel-linux-x86_64-debian-clang, r-devel-linux-x86_64-debian-gcc, r-devel-linux-x86_64-fedora-clang, r-devel-linux-x86_64-fedora-gcc, r-devel-windows-x86_64, r-patched-linux-x86_64, r-release-linux-x86_64, r-release-macos-arm64, r-release-macos-x86_64, r-release-windows-x86_64, r-oldrel-macos-arm64, r-oldrel-macos-x86_64, r-oldrel-windows-x86_64