CRAN Package Check Results for Package finalsize

Last updated on 2025-01-15 19:49:23 CET.

Flavor Version Tinstall Tcheck Ttotal Status Flags
r-devel-linux-x86_64-debian-clang 0.2.1 23.15 77.18 100.33 OK
r-devel-linux-x86_64-debian-gcc 0.2.1 19.43 59.71 79.14 OK
r-devel-linux-x86_64-fedora-clang 0.2.1 169.15 OK
r-devel-linux-x86_64-fedora-gcc 0.2.1 205.19 OK
r-devel-windows-x86_64 0.2.1 26.00 114.00 140.00 OK
r-patched-linux-x86_64 0.2.1 24.06 72.55 96.61 OK
r-release-linux-x86_64 0.2.1 25.99 73.18 99.17 OK
r-release-macos-arm64 0.2.1 83.00 NOTE
r-release-macos-x86_64 0.2.1 125.00 NOTE
r-release-windows-x86_64 0.2.1 25.00 116.00 141.00 OK
r-oldrel-macos-arm64 0.2.1 88.00 NOTE
r-oldrel-macos-x86_64 0.2.1 191.00 NOTE
r-oldrel-windows-x86_64 0.2.1 33.00 120.00 153.00 OK

Check Details

Version: 0.2.1
Check: installed package size
Result: NOTE installed size is 8.4Mb sub-directories of 1Mb or more: doc 1.1Mb libs 7.1Mb Flavors: r-release-macos-arm64, r-release-macos-x86_64, r-oldrel-macos-arm64, r-oldrel-macos-x86_64