Last updated on 2023-10-02 21:09:22 CEST.
Flavor | Version | Tinstall | Tcheck | Ttotal | Status | Flags |
---|---|---|---|---|---|---|
r-devel-linux-x86_64-debian-clang | 0.2.0 | 30.82 | 85.22 | 116.04 | OK | |
r-devel-linux-x86_64-debian-gcc | 0.2.0 | 27.19 | 66.17 | 93.36 | OK | |
r-devel-linux-x86_64-fedora-clang | 0.2.0 | 153.75 | OK | |||
r-devel-linux-x86_64-fedora-gcc | 0.2.0 | 167.18 | OK | |||
r-devel-windows-x86_64 | 0.2.0 | 30.00 | 118.00 | 148.00 | OK | |
r-patched-linux-x86_64 | 0.2.0 | 41.03 | 81.13 | 122.16 | OK | |
r-release-linux-x86_64 | 0.2.0 | 39.66 | 82.43 | 122.09 | OK | |
r-release-macos-arm64 | 0.2.0 | 58.00 | NOTE | |||
r-release-macos-x86_64 | 0.2.0 | 151.00 | NOTE | |||
r-release-windows-x86_64 | 0.2.0 | 39.00 | 132.00 | 171.00 | OK | |
r-oldrel-macos-arm64 | 0.2.0 | 56.00 | NOTE | |||
r-oldrel-macos-x86_64 | 0.2.0 | 60.00 | NOTE | |||
r-oldrel-windows-x86_64 | 0.2.0 | 35.00 | 132.00 | 167.00 | OK |
Version: 0.2.0
Check: installed package size
Result: NOTE
installed size is 8.2Mb
sub-directories of 1Mb or more:
libs 6.8Mb
Flavors: r-release-macos-arm64, r-release-macos-x86_64, r-oldrel-macos-arm64, r-oldrel-macos-x86_64