Last updated on 2023-09-27 21:01:23 CEST.
Flavor | Version | Tinstall | Tcheck | Ttotal | Status | Flags |
---|---|---|---|---|---|---|
r-devel-linux-x86_64-debian-clang | 3.5.7 | 5.11 | 34.80 | 39.91 | NOTE | |
r-devel-linux-x86_64-debian-gcc | 3.5.7 | 4.22 | 26.75 | 30.97 | NOTE | |
r-devel-linux-x86_64-fedora-clang | 3.5.7 | 48.78 | NOTE | |||
r-devel-linux-x86_64-fedora-gcc | 3.5.7 | 47.93 | NOTE | |||
r-devel-windows-x86_64 | 3.5.7 | 7.00 | 53.00 | 60.00 | NOTE | |
r-patched-linux-x86_64 | 3.5.7 | 5.65 | 34.13 | 39.78 | NOTE | |
r-release-linux-x86_64 | 3.5.7 | 5.43 | 34.14 | 39.57 | NOTE | |
r-release-macos-arm64 | 3.5.7 | 21.00 | NOTE | |||
r-release-macos-x86_64 | 3.5.7 | 28.00 | NOTE | |||
r-release-windows-x86_64 | 3.5.7 | 7.00 | 59.00 | 66.00 | NOTE | |
r-oldrel-macos-arm64 | 3.5.7 | 19.00 | OK | |||
r-oldrel-macos-x86_64 | 3.5.7 | 27.00 | OK | |||
r-oldrel-windows-x86_64 | 3.5.7 | 82.00 | 80.00 | 162.00 | OK |
Version: 3.5.7
Check: Rd files
Result: NOTE
checkRd: (-1) bitspec.Rd:8: Escaped LaTeX specials: \&
Flavors: r-devel-linux-x86_64-debian-clang, r-devel-linux-x86_64-debian-gcc, r-devel-linux-x86_64-fedora-clang, r-devel-linux-x86_64-fedora-gcc, r-devel-windows-x86_64, r-patched-linux-x86_64, r-release-linux-x86_64, r-release-macos-arm64, r-release-macos-x86_64, r-release-windows-x86_64