Last updated on 2023-10-04 14:03:48 CEST.
Flavor | Version | Tinstall | Tcheck | Ttotal | Status | Flags |
---|---|---|---|---|---|---|
r-devel-linux-x86_64-debian-clang | 0.2.0 | 7.58 | 69.82 | 77.40 | NOTE | |
r-devel-linux-x86_64-debian-gcc | 0.2.0 | 5.51 | 51.92 | 57.43 | NOTE | |
r-devel-linux-x86_64-fedora-clang | 0.2.0 | 94.61 | NOTE | |||
r-devel-linux-x86_64-fedora-gcc | 0.2.0 | 91.60 | NOTE | |||
r-devel-windows-x86_64 | 0.2.0 | 8.00 | 69.00 | 77.00 | NOTE | |
r-patched-linux-x86_64 | 0.2.0 | 4.88 | 65.35 | 70.23 | NOTE | |
r-release-linux-x86_64 | 0.2.0 | 6.77 | 66.68 | 73.45 | NOTE | |
r-release-macos-arm64 | 0.2.0 | 34.00 | NOTE | |||
r-release-macos-x86_64 | 0.2.0 | 46.00 | NOTE | |||
r-release-windows-x86_64 | 0.2.0 | 11.00 | 78.00 | 89.00 | NOTE | |
r-oldrel-macos-arm64 | 0.2.0 | 32.00 | OK | |||
r-oldrel-macos-x86_64 | 0.2.0 | 56.00 | NOTE | |||
r-oldrel-windows-x86_64 | 0.2.0 | 11.00 | 83.00 | 94.00 | NOTE |
Version: 0.2.0
Check: package dependencies
Result: NOTE
Packages suggested but not available for checking:
'nCDunnett', 'reliaR', 'STAR'
Flavors: r-devel-linux-x86_64-debian-clang, r-devel-linux-x86_64-debian-gcc, r-devel-linux-x86_64-fedora-clang, r-devel-linux-x86_64-fedora-gcc, r-patched-linux-x86_64, r-release-linux-x86_64
Version: 0.2.0
Check: package dependencies
Result: NOTE
Packages suggested but not available for checking: 'reliaR', 'STAR'
Flavors: r-devel-windows-x86_64, r-release-windows-x86_64, r-oldrel-windows-x86_64
Version: 0.2.0
Check: package dependencies
Result: NOTE
Packages suggested but not available for checking:
'benchden', 'reliaR', 'STAR'
Flavors: r-release-macos-arm64, r-release-macos-x86_64
Version: 0.2.0
Check: package dependencies
Result: NOTE
Package suggested but not available for checking: ‘reliaR’
Flavor: r-oldrel-macos-x86_64