CRAN Package Check Results for Package fitteR

Last updated on 2024-06-12 20:58:56 CEST.

Flavor Version Tinstall Tcheck Ttotal Status Flags
r-devel-linux-x86_64-debian-clang 0.2.0 7.31 70.04 77.35 NOTE
r-devel-linux-x86_64-debian-gcc 0.2.0 0.34 1.59 1.93 ERROR
r-devel-linux-x86_64-fedora-clang 0.2.0 103.66 NOTE
r-devel-linux-x86_64-fedora-gcc 0.2.0 97.99 NOTE
r-devel-windows-x86_64 0.2.0 8.00 70.00 78.00 NOTE
r-patched-linux-x86_64 0.2.0 6.66 65.84 72.50 NOTE
r-release-linux-x86_64 0.2.0 7.39 65.06 72.45 NOTE
r-release-macos-arm64 0.2.0 28.00 NOTE
r-release-macos-x86_64 0.2.0 45.00 NOTE
r-release-windows-x86_64 0.2.0 10.00 75.00 85.00 NOTE
r-oldrel-macos-arm64 0.2.0 34.00 NOTE
r-oldrel-macos-x86_64 0.2.0 46.00 NOTE
r-oldrel-windows-x86_64 0.2.0 9.00 81.00 90.00 NOTE

Check Details

Version: 0.2.0
Check: package dependencies
Result: NOTE Packages suggested but not available for checking: 'nCDunnett', 'reliaR', 'STAR' Flavors: r-devel-linux-x86_64-debian-clang, r-devel-linux-x86_64-fedora-clang, r-devel-linux-x86_64-fedora-gcc, r-patched-linux-x86_64, r-release-linux-x86_64, r-release-macos-arm64, r-release-macos-x86_64

Version: 0.2.0
Check: package dependencies
Result: ERROR Package required but not available: ‘dplyr’ Packages suggested but not available for checking: 'EnvStats', 'ExtDist', 'flexsurv', 'mc2d', 'nCDunnett', 'reliaR', 'revdbayes', 'STAR' See section ‘The DESCRIPTION file’ in the ‘Writing R Extensions’ manual. Flavor: r-devel-linux-x86_64-debian-gcc

Version: 0.2.0
Check: package dependencies
Result: NOTE Packages suggested but not available for checking: 'reliaR', 'STAR' Flavors: r-devel-windows-x86_64, r-release-windows-x86_64, r-oldrel-windows-x86_64

Version: 0.2.0
Check: package dependencies
Result: NOTE Packages suggested but not available for checking: 'benchden', 'reliaR', 'STAR' Flavors: r-oldrel-macos-arm64, r-oldrel-macos-x86_64