CRAN Package Check Results for Package fitteR

Last updated on 2021-10-23 20:52:20 CEST.

Flavor Version Tinstall Tcheck Ttotal Status Flags
r-devel-linux-x86_64-debian-clang 0.1.0 5.79 65.23 71.02 NOTE
r-devel-linux-x86_64-debian-gcc 0.1.0 5.72 49.14 54.86 NOTE
r-devel-linux-x86_64-fedora-clang 0.1.0 99.49 NOTE
r-devel-linux-x86_64-fedora-gcc 0.1.0 83.52 NOTE
r-devel-windows-x86_64 0.1.0 12.00 89.00 101.00 OK
r-devel-windows-x86_64-gcc10-UCRT 0.1.0 NOTE
r-patched-linux-x86_64 0.1.0 6.06 61.95 68.01 NOTE
r-patched-solaris-x86 0.1.0 122.90 NOTE
r-release-linux-x86_64 0.1.0 6.81 61.56 68.37 NOTE
r-release-macos-arm64 0.1.0 NOTE
r-release-macos-x86_64 0.1.0 NOTE
r-release-windows-ix86+x86_64 0.1.0 14.00 86.00 100.00 OK
r-oldrel-macos-x86_64 0.1.0 NOTE
r-oldrel-windows-ix86+x86_64 0.1.0 18.00 87.00 105.00 OK

Check Details

Version: 0.1.0
Check: package dependencies
Result: NOTE
    Package suggested but not available for checking: 'ihs'
Flavors: r-devel-linux-x86_64-debian-clang, r-devel-linux-x86_64-debian-gcc, r-devel-linux-x86_64-fedora-clang, r-devel-linux-x86_64-fedora-gcc, r-devel-windows-x86_64-gcc10-UCRT, r-patched-linux-x86_64, r-patched-solaris-x86, r-release-linux-x86_64, r-release-macos-arm64, r-release-macos-x86_64

Version: 0.1.0
Check: package dependencies
Result: NOTE
    Package suggested but not available for checking: ‘ExtDist’
Flavor: r-oldrel-macos-x86_64