CRAN Package Check Results for Package fivethirtyeight

Last updated on 2019-05-19 20:46:51 CEST.

Flavor Version Tinstall Tcheck Ttotal Status Flags
r-devel-linux-x86_64-debian-clang 0.4.0 8.78 57.53 66.31 OK
r-devel-linux-x86_64-debian-gcc 0.4.0 8.41 45.42 53.83 OK
r-devel-linux-x86_64-fedora-clang 0.4.0 82.12 NOTE
r-devel-linux-x86_64-fedora-gcc 0.4.0 83.02 NOTE
r-devel-windows-ix86+x86_64 0.4.0 28.00 115.00 143.00 NOTE
r-patched-linux-x86_64 0.4.0 9.92 55.36 65.28 OK
r-patched-solaris-x86 0.4.0 125.90 NOTE
r-release-linux-x86_64 0.4.0 10.03 56.35 66.38 OK
r-release-windows-ix86+x86_64 0.4.0 17.00 108.00 125.00 NOTE
r-release-osx-x86_64 0.4.0 NOTE
r-oldrel-windows-ix86+x86_64 0.4.0 20.00 106.00 126.00 NOTE
r-oldrel-osx-x86_64 0.4.0 NOTE

Check Details

Version: 0.4.0
Check: installed package size
Result: NOTE
     installed size is 6.3Mb
     sub-directories of 1Mb or more:
     data 5.3Mb
Flavors: r-devel-linux-x86_64-fedora-clang, r-devel-windows-ix86+x86_64, r-patched-solaris-x86, r-release-windows-ix86+x86_64, r-release-osx-x86_64, r-oldrel-windows-ix86+x86_64, r-oldrel-osx-x86_64

Version: 0.4.0
Check: data for non-ASCII characters
Result: NOTE
     Note: found 1616 marked UTF-8 strings
Flavors: r-devel-linux-x86_64-fedora-clang, r-devel-linux-x86_64-fedora-gcc, r-patched-solaris-x86, r-release-osx-x86_64, r-oldrel-osx-x86_64