CRAN Package Check Results for Package flashClust

Last updated on 2021-09-19 04:53:00 CEST.

Flavor Version Tinstall Tcheck Ttotal Status Flags
r-devel-linux-x86_64-debian-clang 1.01-2 2.11 21.24 23.35 NOTE
r-devel-linux-x86_64-debian-gcc 1.01-2 1.89 17.17 19.06 NOTE
r-devel-linux-x86_64-fedora-clang 1.01-2 38.97 NOTE
r-devel-linux-x86_64-fedora-gcc 1.01-2 28.02 NOTE
r-devel-windows-x86_64 1.01-2 4.00 35.00 39.00 NOTE
r-devel-windows-x86_64-gcc10-UCRT 1.01-2 ERROR
r-patched-linux-x86_64 1.01-2 2.19 20.93 23.12 NOTE
r-patched-solaris-x86 1.01-2 44.80 NOTE
r-release-linux-x86_64 1.01-2 2.36 21.06 23.42 NOTE
r-release-macos-arm64 1.01-2 NOTE
r-release-macos-x86_64 1.01-2 NOTE
r-release-windows-ix86+x86_64 1.01-2 8.00 33.00 41.00 NOTE
r-oldrel-macos-x86_64 1.01-2 NOTE
r-oldrel-windows-ix86+x86_64 1.01-2 6.00 31.00 37.00 NOTE

Check Details

Version: 1.01-2
Check: DESCRIPTION meta-information
Result: NOTE
    Malformed Description field: should contain one or more complete sentences.
Flavors: r-devel-linux-x86_64-debian-clang, r-devel-linux-x86_64-debian-gcc, r-devel-linux-x86_64-fedora-clang, r-devel-linux-x86_64-fedora-gcc, r-devel-windows-x86_64, r-patched-linux-x86_64, r-patched-solaris-x86, r-release-linux-x86_64, r-release-macos-arm64, r-release-macos-x86_64, r-release-windows-ix86+x86_64, r-oldrel-macos-x86_64, r-oldrel-windows-ix86+x86_64

Version: 1.01-2
Check: compiled code
Result: NOTE
    File ‘flashClust/libs/flashClust.so’:
     Found no calls to: ‘R_registerRoutines’, ‘R_useDynamicSymbols’
    
    It is good practice to register native routines and to disable symbol
    search.
    
    See ‘Writing portable packages’ in the ‘Writing R Extensions’ manual.
Flavors: r-devel-linux-x86_64-fedora-clang, r-devel-linux-x86_64-fedora-gcc

Version: 1.01-2
Check: whether package can be installed
Result: ERROR
    Installation failed.
Flavor: r-devel-windows-x86_64-gcc10-UCRT