CRAN Package Check Results for Package flexdashboard

Last updated on 2022-01-17 19:49:35 CET.

Flavor Version Tinstall Tcheck Ttotal Status Flags
r-devel-linux-x86_64-debian-clang 0.5.2 3.43 40.44 43.87 NOTE
r-devel-linux-x86_64-debian-gcc 0.5.2 2.21 32.37 34.58 NOTE
r-devel-linux-x86_64-fedora-clang 0.5.2 53.97 NOTE
r-devel-linux-x86_64-fedora-gcc 0.5.2 42.86 NOTE
r-devel-windows-x86_64-new-UL 0.5.2 135.00 64.00 199.00 NOTE
r-devel-windows-x86_64-new-TK 0.5.2 NOTE
r-patched-linux-x86_64 0.5.2 2.99 39.26 42.25 NOTE
r-release-linux-x86_64 0.5.2 NOTE
r-release-macos-arm64 0.5.2 NOTE
r-release-macos-x86_64 0.5.2 NOTE
r-release-windows-ix86+x86_64 0.5.2 8.00 50.00 58.00 NOTE
r-oldrel-macos-x86_64 0.5.2 OK
r-oldrel-windows-ix86+x86_64 0.5.2 8.00 50.00 58.00 OK

Check Details

Version: 0.5.2
Check: LazyData
Result: NOTE
     'LazyData' is specified without a 'data' directory
Flavors: r-devel-linux-x86_64-debian-clang, r-devel-linux-x86_64-debian-gcc, r-devel-linux-x86_64-fedora-clang, r-devel-linux-x86_64-fedora-gcc, r-devel-windows-x86_64-new-UL, r-devel-windows-x86_64-new-TK, r-patched-linux-x86_64, r-release-linux-x86_64, r-release-macos-arm64, r-release-macos-x86_64, r-release-windows-ix86+x86_64