Last updated on 2023-05-28 04:56:15 CEST.
Flavor | Version | Tinstall | Tcheck | Ttotal | Status | Flags |
---|---|---|---|---|---|---|
r-devel-linux-x86_64-debian-clang | 0.1.0 | 5.43 | 50.10 | 55.53 | OK | |
r-devel-linux-x86_64-debian-gcc | 0.1.0 | 4.96 | 37.80 | 42.76 | OK | |
r-devel-linux-x86_64-fedora-clang | 0.1.0 | 68.27 | NOTE | |||
r-devel-linux-x86_64-fedora-gcc | 0.1.0 | 64.84 | NOTE | |||
r-devel-windows-x86_64 | 0.1.0 | 9.00 | 58.00 | 67.00 | OK | |
r-patched-linux-x86_64 | 0.1.0 | 6.09 | 47.08 | 53.17 | OK | |
r-release-linux-x86_64 | 0.1.0 | 6.03 | 46.56 | 52.59 | OK | |
r-release-macos-arm64 | 0.1.0 | 26.00 | OK | |||
r-release-macos-x86_64 | 0.1.0 | 36.00 | OK | |||
r-release-windows-x86_64 | 0.1.0 | 11.00 | 62.00 | 73.00 | OK | |
r-oldrel-macos-arm64 | 0.1.0 | 25.00 | NOTE | |||
r-oldrel-macos-x86_64 | 0.1.0 | 49.00 | NOTE | |||
r-oldrel-windows-x86_64 | 0.1.0 | 9.00 | 67.00 | 76.00 | OK |
Version: 0.1.0
Check: data for non-ASCII characters
Result: NOTE
Note: found 710 marked UTF-8 strings
Flavors: r-devel-linux-x86_64-fedora-clang, r-devel-linux-x86_64-fedora-gcc, r-oldrel-macos-arm64, r-oldrel-macos-x86_64