CRAN Package Check Results for Package flippant

Last updated on 2021-11-30 11:51:56 CET.

Flavor Version Tinstall Tcheck Ttotal Status Flags
r-devel-linux-x86_64-debian-clang 1.5.3 4.64 49.87 54.51 NOTE
r-devel-linux-x86_64-debian-gcc 1.5.3 4.29 36.60 40.89 NOTE
r-devel-linux-x86_64-fedora-clang 1.5.3 74.50 NOTE
r-devel-linux-x86_64-fedora-gcc 1.5.3 62.20 NOTE
r-devel-windows-x86_64-new-UL 1.5.3 15.00 87.00 102.00 NOTE
r-devel-windows-x86_64-new-TK 1.5.3 NOTE
r-devel-windows-x86_64-old 1.5.3 10.00 54.00 64.00 NOTE
r-patched-linux-x86_64 1.5.3 9.65 45.12 54.77 NOTE
r-patched-solaris-x86 1.5.3 91.70 NOTE
r-release-linux-x86_64 1.5.3 4.69 45.39 50.08 NOTE
r-release-macos-arm64 1.5.3 NOTE
r-release-macos-x86_64 1.5.3 NOTE
r-release-windows-ix86+x86_64 1.5.3 16.00 52.00 68.00 NOTE
r-oldrel-macos-x86_64 1.5.3 OK
r-oldrel-windows-ix86+x86_64 1.5.3 9.00 50.00 59.00 OK

Check Details

Version: 1.5.3
Check: LazyData
Result: NOTE
     'LazyData' is specified without a 'data' directory
Flavors: r-devel-linux-x86_64-debian-clang, r-devel-linux-x86_64-debian-gcc, r-devel-linux-x86_64-fedora-clang, r-devel-linux-x86_64-fedora-gcc, r-devel-windows-x86_64-new-UL, r-devel-windows-x86_64-new-TK, r-devel-windows-x86_64-old, r-patched-linux-x86_64, r-patched-solaris-x86, r-release-linux-x86_64, r-release-macos-arm64, r-release-macos-x86_64, r-release-windows-ix86+x86_64

Version: 1.5.3
Check: package dependencies
Result: NOTE
    Package suggested but not available for checking: ‘multipanelfigure’
Flavor: r-patched-solaris-x86