Last updated on 2023-06-10 04:55:46 CEST.
Flavor | Version | Tinstall | Tcheck | Ttotal | Status | Flags |
---|---|---|---|---|---|---|
r-devel-linux-x86_64-debian-clang | 0.3.2 | 37.28 | 154.98 | 192.26 | OK | |
r-devel-linux-x86_64-debian-gcc | 0.3.2 | 28.07 | 116.89 | 144.96 | OK | |
r-devel-linux-x86_64-fedora-clang | 0.3.2 | 246.13 | NOTE | |||
r-devel-linux-x86_64-fedora-gcc | 0.3.2 | 254.43 | OK | |||
r-devel-windows-x86_64 | 0.3.2 | 31.00 | 150.00 | 181.00 | NOTE | |
r-patched-linux-x86_64 | 0.3.2 | 29.95 | 145.14 | 175.09 | OK | |
r-release-linux-x86_64 | 0.3.2 | 29.71 | 145.87 | 175.58 | OK | |
r-release-macos-arm64 | 0.3.2 | 81.00 | NOTE | |||
r-release-macos-x86_64 | 0.3.2 | 128.00 | NOTE | |||
r-release-windows-x86_64 | 0.3.2 | 39.00 | 180.00 | 219.00 | NOTE | |
r-oldrel-macos-arm64 | 0.3.2 | 53.00 | NOTE | |||
r-oldrel-macos-x86_64 | 0.3.2 | 77.00 | NOTE | |||
r-oldrel-windows-x86_64 | 0.3.2 | 38.00 | 180.00 | 218.00 | NOTE |
Version: 0.3.2
Check: installed package size
Result: NOTE
installed size is 9.8Mb
sub-directories of 1Mb or more:
doc 9.0Mb
Flavors: r-devel-linux-x86_64-fedora-clang, r-devel-windows-x86_64, r-release-macos-arm64, r-release-macos-x86_64, r-release-windows-x86_64, r-oldrel-macos-arm64, r-oldrel-macos-x86_64, r-oldrel-windows-x86_64