CRAN Package Check Results for Package flock

Last updated on 2023-03-27 20:52:14 CEST.

Flavor Version Tinstall Tcheck Ttotal Status Flags
r-devel-linux-x86_64-debian-clang 0.7 21.08 26.24 47.32 OK
r-devel-linux-x86_64-debian-gcc 0.7 12.44 20.73 33.17 OK
r-devel-linux-x86_64-fedora-clang 0.7 64.40 NOTE
r-devel-linux-x86_64-fedora-gcc 0.7 55.68 NOTE
r-patched-linux-x86_64 0.7 16.14 26.07 42.21 OK
r-release-linux-x86_64 0.7 13.26 27.62 40.88 OK
r-release-macos-arm64 0.7 21.00 OK
r-release-macos-x86_64 0.7 34.00 OK
r-release-windows-x86_64 0.7 25.00 77.00 102.00 OK
r-oldrel-macos-arm64 0.7 28.00 OK
r-oldrel-macos-x86_64 0.7 40.00 OK
r-oldrel-windows-ix86+x86_64 0.7 48.00 74.00 122.00 OK

Check Details

Version: 0.7
Check: compiled code
Result: NOTE
    File ‘flock/libs/flock.so’:
     Found no calls to: ‘R_registerRoutines’, ‘R_useDynamicSymbols’
    
    It is good practice to register native routines and to disable symbol
    search.
    
    See ‘Writing portable packages’ in the ‘Writing R Extensions’ manual.
Flavors: r-devel-linux-x86_64-fedora-clang, r-devel-linux-x86_64-fedora-gcc