Last updated on 2023-11-29 15:50:15 CET.
Flavor | Version | Tinstall | Tcheck | Ttotal | Status | Flags |
---|---|---|---|---|---|---|
r-devel-linux-x86_64-debian-clang | 0.3.0 | 7.65 | 74.23 | 81.88 | NOTE | |
r-devel-linux-x86_64-debian-gcc | 0.3.0 | 6.79 | 56.22 | 63.01 | NOTE | |
r-devel-linux-x86_64-fedora-clang | 0.3.0 | 101.92 | NOTE | |||
r-devel-linux-x86_64-fedora-gcc | 0.3.0 | 109.25 | NOTE | |||
r-devel-windows-x86_64 | 0.3.0 | 7.00 | 81.00 | 88.00 | NOTE | |
r-patched-linux-x86_64 | 0.3.0 | 12.12 | 70.79 | 82.91 | NOTE | |
r-release-linux-x86_64 | 0.3.0 | 7.87 | 71.23 | 79.10 | NOTE | |
r-release-macos-arm64 | 0.3.0 | 36.00 | NOTE | |||
r-release-macos-x86_64 | 0.3.0 | 59.00 | NOTE | |||
r-release-windows-x86_64 | 0.3.0 | 10.00 | 89.00 | 99.00 | NOTE | |
r-oldrel-macos-arm64 | 0.3.0 | 27.00 | NOTE | |||
r-oldrel-macos-x86_64 | 0.3.0 | 43.00 | NOTE | |||
r-oldrel-windows-x86_64 | 0.3.0 | 9.00 | 90.00 | 99.00 | NOTE |
Version: 0.3.0
Check: LazyData
Result: NOTE
'LazyData' is specified without a 'data' directory
Flavors: r-devel-linux-x86_64-debian-clang, r-devel-linux-x86_64-debian-gcc, r-devel-linux-x86_64-fedora-clang, r-devel-linux-x86_64-fedora-gcc, r-devel-windows-x86_64, r-patched-linux-x86_64, r-release-linux-x86_64, r-release-macos-arm64, r-release-macos-x86_64, r-release-windows-x86_64, r-oldrel-macos-arm64, r-oldrel-macos-x86_64, r-oldrel-windows-x86_64