CRAN Package Check Results for Package fmdates

Last updated on 2024-07-16 00:56:00 CEST.

Flavor Version Tinstall Tcheck Ttotal Status Flags
r-devel-linux-x86_64-debian-clang 0.1.4 5.33 62.02 67.35 NOTE
r-devel-linux-x86_64-debian-gcc 0.1.4 4.72 45.46 50.18 NOTE
r-devel-linux-x86_64-fedora-clang 0.1.4 88.45 NOTE
r-devel-linux-x86_64-fedora-gcc 0.1.4 92.43 NOTE
r-devel-windows-x86_64 0.1.4 6.00 68.00 74.00 NOTE
r-patched-linux-x86_64 0.1.4 10.32 57.94 68.26 NOTE
r-release-linux-x86_64 0.1.4 7.06 58.65 65.71 NOTE
r-release-macos-arm64 0.1.4 31.00 NOTE
r-release-macos-x86_64 0.1.4 46.00 NOTE
r-release-windows-x86_64 0.1.4 6.00 67.00 73.00 NOTE
r-oldrel-macos-arm64 0.1.4 31.00 NOTE
r-oldrel-macos-x86_64 0.1.4 49.00 NOTE
r-oldrel-windows-x86_64 0.1.4 7.00 74.00 81.00 NOTE

Check Details

Version: 0.1.4
Check: LazyData
Result: NOTE 'LazyData' is specified without a 'data' directory Flavors: r-devel-linux-x86_64-debian-clang, r-devel-linux-x86_64-debian-gcc, r-devel-linux-x86_64-fedora-clang, r-devel-linux-x86_64-fedora-gcc, r-devel-windows-x86_64, r-patched-linux-x86_64, r-release-linux-x86_64, r-release-macos-arm64, r-release-macos-x86_64, r-release-windows-x86_64, r-oldrel-macos-arm64, r-oldrel-macos-x86_64, r-oldrel-windows-x86_64

Version: 0.1.4
Check: Rd cross-references
Result: NOTE Found the following Rd file(s) with Rd \link{} targets missing package anchors: generate_schedule.Rd: Period-class Please provide package anchors for all Rd \link{} targets not in the package itself and the base packages. Flavor: r-devel-windows-x86_64