CRAN Package Check Results for Package foieGras

Last updated on 2021-10-26 20:50:53 CEST.

Flavor Version Tinstall Tcheck Ttotal Status Flags
r-devel-linux-x86_64-debian-clang 0.7-6 154.94 464.26 619.20 OK
r-devel-linux-x86_64-debian-gcc 0.7-6 129.48 342.11 471.59 OK
r-devel-linux-x86_64-fedora-clang 0.7-6 775.34 NOTE
r-devel-linux-x86_64-fedora-gcc 0.7-6 782.91 OK
r-devel-windows-x86_64 0.7-6 178.00 546.00 724.00 NOTE
r-devel-windows-x86_64-gcc10-UCRT 0.7-6 OK
r-patched-linux-x86_64 0.7-6 164.24 448.83 613.07 OK
r-patched-solaris-x86 0.7-6 888.90 OK
r-release-linux-x86_64 0.7-6 152.29 449.16 601.45 OK
r-release-macos-arm64 0.7-6 NOTE
r-release-macos-x86_64 0.7-6 NOTE
r-release-windows-ix86+x86_64 0.7-6 210.00 819.00 1029.00 NOTE
r-oldrel-macos-x86_64 0.7-6 NOTE
r-oldrel-windows-ix86+x86_64 0.7-6 270.00 581.00 851.00 NOTE

Check Details

Version: 0.7-6
Check: installed package size
Result: NOTE
     installed size is 33.7Mb
     sub-directories of 1Mb or more:
     libs 32.6Mb
Flavors: r-devel-linux-x86_64-fedora-clang, r-devel-windows-x86_64, r-release-macos-arm64, r-release-macos-x86_64, r-release-windows-ix86+x86_64, r-oldrel-macos-x86_64, r-oldrel-windows-ix86+x86_64