CRAN Package Check Results for Package fontquiver

Last updated on 2023-11-29 15:50:15 CET.

Flavor Version Tinstall Tcheck Ttotal Status Flags
r-devel-linux-x86_64-debian-clang 0.2.1 3.04 25.49 28.53 NOTE
r-devel-linux-x86_64-debian-gcc 0.2.1 2.23 20.01 22.24 NOTE
r-devel-linux-x86_64-fedora-clang 0.2.1 35.00 NOTE
r-devel-linux-x86_64-fedora-gcc 0.2.1 33.35 NOTE
r-devel-windows-x86_64 0.2.1 4.00 44.00 48.00 NOTE
r-patched-linux-x86_64 0.2.1 3.36 25.28 28.64 NOTE
r-release-linux-x86_64 0.2.1 2.20 25.14 27.34 NOTE
r-release-macos-arm64 0.2.1 17.00 NOTE
r-release-macos-x86_64 0.2.1 23.00 NOTE
r-release-windows-x86_64 0.2.1 3.00 42.00 45.00 NOTE
r-oldrel-macos-arm64 0.2.1 18.00 NOTE
r-oldrel-macos-x86_64 0.2.1 23.00 NOTE
r-oldrel-windows-x86_64 0.2.1 5.00 47.00 52.00 NOTE

Check Details

Version: 0.2.1
Check: LazyData
Result: NOTE 'LazyData' is specified without a 'data' directory Flavors: r-devel-linux-x86_64-debian-clang, r-devel-linux-x86_64-debian-gcc, r-devel-linux-x86_64-fedora-clang, r-devel-linux-x86_64-fedora-gcc, r-devel-windows-x86_64, r-patched-linux-x86_64, r-release-linux-x86_64, r-release-macos-arm64, r-release-macos-x86_64, r-release-windows-x86_64, r-oldrel-macos-arm64, r-oldrel-macos-x86_64, r-oldrel-windows-x86_64