Last updated on 2023-09-21 16:57:50 CEST.
Flavor | Version | Tinstall | Tcheck | Ttotal | Status | Flags |
---|---|---|---|---|---|---|
r-devel-linux-x86_64-debian-clang | 0.2.0 | 38.77 | 298.11 | 336.88 | OK | |
r-devel-linux-x86_64-debian-gcc | 0.2.0 | 31.04 | 213.90 | 244.94 | OK | |
r-devel-linux-x86_64-fedora-clang | 0.2.0 | 405.55 | NOTE | |||
r-devel-linux-x86_64-fedora-gcc | 0.2.0 | 401.91 | NOTE | |||
r-devel-windows-x86_64 | 0.2.0 | 34.00 | 206.00 | 240.00 | OK | |
r-patched-linux-x86_64 | 0.2.0 | 26.69 | 277.85 | 304.54 | OK | |
r-release-linux-x86_64 | 0.2.0 | 30.41 | 275.66 | 306.07 | OK | |
r-release-macos-arm64 | 0.2.0 | 79.00 | OK | |||
r-release-macos-x86_64 | 0.2.0 | 195.00 | OK | |||
r-release-windows-x86_64 | 0.2.0 | 45.00 | 258.00 | 303.00 | OK | |
r-oldrel-macos-arm64 | 0.2.0 | 74.00 | OK | |||
r-oldrel-macos-x86_64 | 0.2.0 | 93.00 | OK | |||
r-oldrel-windows-x86_64 | 0.2.0 | 46.00 | 253.00 | 299.00 | OK |
Version: 0.2.0
Check: dependencies in R code
Result: NOTE
Namespace in Imports field not imported from: ‘tidyverse’
All declared Imports should be used.
Flavors: r-devel-linux-x86_64-fedora-clang, r-devel-linux-x86_64-fedora-gcc