CRAN Package Check Results for Package footBayes

Last updated on 2024-02-27 04:07:05 CET.

Flavor Version Tinstall Tcheck Ttotal Status Flags
r-devel-linux-x86_64-debian-clang 0.2.0 36.54 2047.20 2083.74 NOTE
r-devel-linux-x86_64-debian-gcc 0.2.0 36.11 164.13 200.24 OK
r-devel-linux-x86_64-fedora-clang 0.2.0 334.62 NOTE
r-devel-linux-x86_64-fedora-gcc 0.2.0 335.04 NOTE
r-devel-windows-x86_64 0.2.0 28.00 149.00 177.00 OK
r-patched-linux-x86_64 0.2.0 38.04 211.17 249.21 OK
r-release-linux-x86_64 0.2.0 29.71 209.04 238.75 OK
r-release-macos-arm64 0.2.0 79.00 OK
r-release-macos-x86_64 0.2.0 195.00 OK
r-release-windows-x86_64 0.2.0 38.00 192.00 230.00 OK
r-oldrel-macos-arm64 0.2.0 74.00 OK
r-oldrel-windows-x86_64 0.2.0 40.00 202.00 242.00 OK

Check Details

Version: 0.2.0
Check: R code for possible problems
Result: NOTE Assertion failure at kmp_runtime.cpp(6891): temp_reg_status_file_name. Assertion failure at kmp_runtime.cpp(6891): temp_reg_status_file_name. Killed Flavor: r-devel-linux-x86_64-debian-clang

Version: 0.2.0
Check: dependencies in R code
Result: NOTE Namespace in Imports field not imported from: ‘tidyverse’ All declared Imports should be used. Flavors: r-devel-linux-x86_64-fedora-clang, r-devel-linux-x86_64-fedora-gcc