CRAN Package Check Results for Package forecTheta

Last updated on 2022-01-22 07:52:43 CET.

Flavor Version Tinstall Tcheck Ttotal Status Flags
r-devel-linux-x86_64-debian-clang 2.2 6.02 82.99 89.01 NOTE
r-devel-linux-x86_64-debian-gcc 2.2 6.18 60.36 66.54 NOTE
r-devel-linux-x86_64-fedora-clang 2.2 106.43 NOTE
r-devel-linux-x86_64-fedora-gcc 2.2 93.40 NOTE
r-devel-windows-x86_64-new-UL 2.2 32.00 94.00 126.00 NOTE
r-devel-windows-x86_64-new-TK 2.2 NOTE
r-patched-linux-x86_64 2.2 6.27 75.53 81.80 NOTE
r-release-linux-x86_64 2.2 6.04 76.37 82.41 NOTE
r-release-macos-arm64 2.2 NOTE
r-release-macos-x86_64 2.2 NOTE
r-release-windows-ix86+x86_64 2.2 19.00 92.00 111.00 NOTE
r-oldrel-macos-x86_64 2.2 NOTE
r-oldrel-windows-ix86+x86_64 2.2 20.00 95.00 115.00 NOTE

Check Details

Version: 2.2
Check: DESCRIPTION meta-information
Result: NOTE
    BugReports field is not a suitable URL but contains an email address:
     use the Contact field instead
Flavors: r-devel-linux-x86_64-debian-clang, r-devel-linux-x86_64-debian-gcc, r-devel-linux-x86_64-fedora-clang, r-devel-linux-x86_64-fedora-gcc, r-devel-windows-x86_64-new-UL, r-devel-windows-x86_64-new-TK, r-patched-linux-x86_64, r-release-linux-x86_64, r-release-macos-arm64, r-release-macos-x86_64, r-release-windows-ix86+x86_64, r-oldrel-macos-x86_64, r-oldrel-windows-ix86+x86_64