Last updated on 2023-11-29 07:52:10 CET.
Flavor | Version | Tinstall | Tcheck | Ttotal | Status | Flags |
---|---|---|---|---|---|---|
r-devel-linux-x86_64-debian-clang | 8.21.1 | 142.28 | 416.53 | 558.81 | OK | |
r-devel-linux-x86_64-debian-gcc | 8.21.1 | 97.88 | 298.01 | 395.89 | OK | |
r-devel-linux-x86_64-fedora-clang | 8.21.1 | 726.73 | OK | |||
r-devel-linux-x86_64-fedora-gcc | 8.21.1 | 714.31 | OK | |||
r-devel-windows-x86_64 | 8.21.1 | 110.00 | 354.00 | 464.00 | OK | |
r-patched-linux-x86_64 | 8.21.1 | 126.74 | 398.97 | 525.71 | OK | |
r-release-linux-x86_64 | 8.21.1 | 124.14 | 393.80 | 517.94 | OK | |
r-release-macos-arm64 | 8.21.1 | 162.00 | NOTE | |||
r-release-macos-x86_64 | 8.21.1 | 345.00 | NOTE | |||
r-release-windows-x86_64 | 8.21.1 | 146.00 | 424.00 | 570.00 | OK | |
r-oldrel-macos-arm64 | 8.21.1 | 136.00 | NOTE | |||
r-oldrel-macos-x86_64 | 8.21.1 | 209.00 | OK | |||
r-oldrel-windows-x86_64 | 8.21.1 | 134.00 | 391.00 | 525.00 | OK |
Version: 8.21.1
Check: installed package size
Result: NOTE
installed size is 5.0Mb
sub-directories of 1Mb or more:
libs 3.4Mb
Flavors: r-release-macos-arm64, r-release-macos-x86_64, r-oldrel-macos-arm64