CRAN Package Check Results for Package foreign

Last updated on 2024-06-12 20:58:56 CEST.

Flavor Version Tinstall Tcheck Ttotal Status Flags
r-devel-linux-x86_64-debian-clang 0.8-86 10.16 40.88 51.04 OK
r-devel-linux-x86_64-debian-gcc 0.8-86 7.62 30.30 37.92 OK
r-devel-linux-x86_64-fedora-clang 0.8-86 66.15 OK
r-devel-linux-x86_64-fedora-gcc 0.8-86 64.55 OK
r-devel-windows-x86_64 0.8-86 17.00 57.00 74.00 WARN
r-patched-linux-x86_64 0.8-86 9.04 39.51 48.55 OK
r-release-linux-x86_64 0.8-86 9.15 39.57 48.72 OK
r-release-macos-arm64 0.8-86 26.00 OK
r-release-macos-x86_64 0.8-86 36.00 OK
r-release-windows-x86_64 0.8-86 16.00 57.00 73.00 WARN
r-oldrel-macos-arm64 0.8-86 39.00 OK
r-oldrel-macos-x86_64 0.8-86 61.00 OK
r-oldrel-windows-x86_64 0.8-86 23.00 63.00 86.00 OK

Check Details

Version: 0.8-86
Check: whether package can be installed
Result: WARN Found the following significant warnings: pfm-read.c:552:16: warning: format '%lu' expects argument of type 'long unsigned int', but argument 2 has type 'size_t' {aka 'long long unsigned int'} [-Wformat=] pfm-read.c:579:16: warning: format '%lu' expects argument of type 'long unsigned int', but argument 2 has type 'size_t' {aka 'long long unsigned int'} [-Wformat=] pfm-read.c:754:18: warning: format '%lu' expects argument of type 'long unsigned int', but argument 3 has type 'size_t' {aka 'long long unsigned int'} [-Wformat=] sfm-read.c:554:14: warning: format '%ld' expects argument of type 'long int', but argument 5 has type 'long long unsigned int' [-Wformat=] sfm-read.c:621:14: warning: format '%lu' expects argument of type 'long unsigned int', but argument 5 has type 'long long unsigned int' [-Wformat=] sfm-read.c:802:14: warning: format '%ld' expects argument of type 'long int', but argument 4 has type 'long long unsigned int' [-Wformat=] See 'd:/Rcompile/CRANpkg/local/4.5/foreign.Rcheck/00install.out' for details. * used C compiler: 'gcc.exe (GCC) 13.2.0' Flavor: r-devel-windows-x86_64

Version: 0.8-86
Check: whether package can be installed
Result: WARN Found the following significant warnings: pfm-read.c:552:16: warning: format '%lu' expects argument of type 'long unsigned int', but argument 2 has type 'size_t' {aka 'long long unsigned int'} [-Wformat=] pfm-read.c:579:16: warning: format '%lu' expects argument of type 'long unsigned int', but argument 2 has type 'size_t' {aka 'long long unsigned int'} [-Wformat=] pfm-read.c:754:18: warning: format '%lu' expects argument of type 'long unsigned int', but argument 3 has type 'size_t' {aka 'long long unsigned int'} [-Wformat=] sfm-read.c:554:14: warning: format '%ld' expects argument of type 'long int', but argument 5 has type 'long long unsigned int' [-Wformat=] sfm-read.c:621:14: warning: format '%lu' expects argument of type 'long unsigned int', but argument 5 has type 'long long unsigned int' [-Wformat=] sfm-read.c:802:14: warning: format '%ld' expects argument of type 'long int', but argument 4 has type 'long long unsigned int' [-Wformat=] See 'd:/Rcompile/CRANpkg/local/4.4/foreign.Rcheck/00install.out' for details. * used C compiler: 'gcc.exe (GCC) 13.2.0' Flavor: r-release-windows-x86_64