CRAN Package Check Results for Package formattable

Last updated on 2022-12-04 03:54:04 CET.

Flavor Version Tinstall Tcheck Ttotal Status Flags
r-devel-linux-x86_64-debian-clang 0.2.1 4.76 52.44 57.20 NOTE
r-devel-linux-x86_64-debian-gcc 0.2.1 2.99 41.08 44.07 NOTE
r-devel-linux-x86_64-fedora-clang 0.2.1 79.48 NOTE
r-devel-linux-x86_64-fedora-gcc 0.2.1 76.71 NOTE
r-devel-windows-x86_64 0.2.1 45.00 103.00 148.00 NOTE
r-patched-linux-x86_64 0.2.1 3.98 49.14 53.12 NOTE
r-release-linux-x86_64 0.2.1 3.68 48.64 52.32 NOTE
r-release-macos-arm64 0.2.1 26.00 NOTE
r-release-macos-x86_64 0.2.1 37.00 NOTE
r-release-windows-x86_64 0.2.1 54.00 94.00 148.00 NOTE
r-oldrel-macos-arm64 0.2.1 31.00 NOTE
r-oldrel-macos-x86_64 0.2.1 43.00 NOTE
r-oldrel-windows-ix86+x86_64 0.2.1 10.00 79.00 89.00 NOTE

Check Details

Version: 0.2.1
Check: LazyData
Result: NOTE
     'LazyData' is specified without a 'data' directory
Flavors: r-devel-linux-x86_64-debian-clang, r-devel-linux-x86_64-debian-gcc, r-devel-linux-x86_64-fedora-clang, r-devel-linux-x86_64-fedora-gcc, r-devel-windows-x86_64, r-patched-linux-x86_64, r-release-linux-x86_64, r-release-macos-arm64, r-release-macos-x86_64, r-release-windows-x86_64, r-oldrel-macos-arm64, r-oldrel-macos-x86_64, r-oldrel-windows-ix86+x86_64