CRAN Package Check Results for Package fractD

Last updated on 2022-01-22 11:50:59 CET.

Flavor Version Tinstall Tcheck Ttotal Status Flags
r-devel-linux-x86_64-debian-clang 0.1.0 2.18 58.80 60.98 NOTE
r-devel-linux-x86_64-debian-gcc 0.1.0 1.80 45.74 47.54 NOTE
r-devel-linux-x86_64-fedora-clang 0.1.0 74.44 NOTE
r-devel-linux-x86_64-fedora-gcc 0.1.0 65.58 NOTE
r-devel-windows-x86_64-new-UL 0.1.0 30.00 85.00 115.00 NOTE
r-devel-windows-x86_64-new-TK 0.1.0 NOTE
r-patched-linux-x86_64 0.1.0 2.45 58.09 60.54 NOTE
r-release-linux-x86_64 0.1.0 2.37 56.34 58.71 NOTE
r-release-macos-arm64 0.1.0 NOTE
r-release-macos-x86_64 0.1.0 NOTE
r-release-windows-ix86+x86_64 0.1.0 6.00 78.00 84.00 NOTE
r-oldrel-macos-x86_64 0.1.0 OK
r-oldrel-windows-ix86+x86_64 0.1.0 6.00 77.00 83.00 OK

Check Details

Version: 0.1.0
Check: LazyData
Result: NOTE
     'LazyData' is specified without a 'data' directory
Flavors: r-devel-linux-x86_64-debian-clang, r-devel-linux-x86_64-debian-gcc, r-devel-linux-x86_64-fedora-clang, r-devel-linux-x86_64-fedora-gcc, r-devel-windows-x86_64-new-UL, r-devel-windows-x86_64-new-TK, r-patched-linux-x86_64, r-release-linux-x86_64, r-release-macos-arm64, r-release-macos-x86_64, r-release-windows-ix86+x86_64