CRAN Package Check Results for Package fractaldim

Last updated on 2024-06-23 04:53:03 CEST.

Flavor Version Tinstall Tcheck Ttotal Status Flags
r-devel-linux-x86_64-debian-clang 0.8-5 3.39 35.21 38.60 NOTE
r-devel-linux-x86_64-debian-gcc 0.8-5 2.90 26.47 29.37 NOTE
r-devel-linux-x86_64-fedora-clang 0.8-5 49.68 NOTE
r-devel-linux-x86_64-fedora-gcc 0.8-5 47.16 NOTE
r-devel-windows-x86_64 0.8-5 4.00 51.00 55.00 NOTE
r-patched-linux-x86_64 0.8-5 3.35 32.91 36.26 NOTE
r-release-linux-x86_64 0.8-5 2.98 32.72 35.70 NOTE
r-release-macos-arm64 0.8-5 20.00 NOTE
r-release-macos-x86_64 0.8-5 30.00 NOTE
r-release-windows-x86_64 0.8-5 4.00 53.00 57.00 NOTE
r-oldrel-macos-arm64 0.8-5 20.00 NOTE
r-oldrel-macos-x86_64 0.8-5 27.00 NOTE
r-oldrel-windows-x86_64 0.8-5 5.00 53.00 58.00 NOTE

Check Details

Version: 0.8-5
Check: package dependencies
Result: NOTE Package suggested but not available for checking: ‘RandomFields’ Flavors: r-devel-linux-x86_64-debian-clang, r-devel-linux-x86_64-debian-gcc, r-devel-linux-x86_64-fedora-clang, r-devel-linux-x86_64-fedora-gcc, r-devel-windows-x86_64, r-patched-linux-x86_64, r-release-linux-x86_64, r-release-macos-arm64, r-release-macos-x86_64, r-release-windows-x86_64, r-oldrel-macos-arm64, r-oldrel-macos-x86_64, r-oldrel-windows-x86_64