Last updated on 2023-03-27 20:52:14 CEST.
Flavor | Version | Tinstall | Tcheck | Ttotal | Status | Flags |
---|---|---|---|---|---|---|
r-devel-linux-x86_64-debian-clang | 1.0.1 | 27.62 | 27.99 | 55.61 | NOTE | |
r-devel-linux-x86_64-debian-gcc | 1.0.1 | 24.14 | 22.12 | 46.26 | NOTE | |
r-devel-linux-x86_64-fedora-clang | 1.0.1 | 85.20 | NOTE | |||
r-devel-linux-x86_64-fedora-gcc | 1.0.1 | 74.22 | NOTE | |||
r-patched-linux-x86_64 | 1.0.1 | 24.62 | 26.95 | 51.57 | NOTE | |
r-release-linux-x86_64 | 1.0.1 | 25.97 | 28.67 | 54.64 | OK | |
r-release-macos-arm64 | 1.0.1 | 26.00 | OK | |||
r-release-macos-x86_64 | 1.0.1 | 32.00 | OK | |||
r-release-windows-x86_64 | 1.0.1 | 29.00 | 79.00 | 108.00 | OK | |
r-oldrel-macos-arm64 | 1.0.1 | 25.00 | OK | |||
r-oldrel-macos-x86_64 | 1.0.1 | 32.00 | OK | |||
r-oldrel-windows-ix86+x86_64 | 1.0.1 | 76.00 | 77.00 | 153.00 | OK |
Version: 1.0.1
Check: C++ specification
Result: NOTE
Specified C++11: please drop specification unless essential
Flavors: r-devel-linux-x86_64-debian-clang, r-devel-linux-x86_64-debian-gcc, r-devel-linux-x86_64-fedora-clang, r-devel-linux-x86_64-fedora-gcc, r-patched-linux-x86_64